{"id":2245,"date":"2025-09-10T10:40:50","date_gmt":"2025-09-10T07:40:50","guid":{"rendered":"http:\/\/www.edituraunmb.ro\/?page_id=2245"},"modified":"2025-09-10T10:40:50","modified_gmt":"2025-09-10T07:40:50","slug":"cookie-policy","status":"publish","type":"page","link":"https:\/\/www.edituraunmb.ro\/?page_id=2245","title":{"rendered":"Cookie Policy"},"content":{"rendered":"<p><strong>1. Politica de cookies<\/strong><\/p>\n<p>Prezenta politica va informeaza cu privire la cookie-urile implementate pe website-ul\u00a0<a href=\"https:\/\/edituraunmb.ro\/\">edituraunmb.ro<\/a>\u00a0apartinand Universitatii Nationale de Muzica din Bucuresti.<\/p>\n<p>De fiecare data cand ne vizitati vom colecta automat urmatoarele categorii de date: adresa IP, browserul pe care il folositi, versiunea browserului si sistemul de operare.<\/p>\n<p>Cookie-urile noastre nu retin date cu caracter personal de tipul numelui sau prenumelui dumneavoastra, adresei de e-mail, detaliilor bancare, etc.<\/p>\n<p>Prezenta\u00a0<em>Politica<\/em>\u00a0se completeaza cu\u00a0<em>Politica de Confidentialitate<\/em>\u00a0cu privire la protectia datelor cu caracter personal.<\/p>\n<p><strong>2. Ce sunt cookie-urile?<\/strong><\/p>\n<p>In vederea functionarii corespunzatoare, majoritatea website-urilor necesita colectarea unor informatii de baza de la utilizatori. Un website va crea anumite fisiere numite Cookie-uri (care sunt, in realitate, fisiere text mici create pe dispozitivele utilizatorilor folosite pentru a naviga pe pagina respectiva). Aceste Cookie-uri sunt create pentru a permite Site-ului sa-si recunoasca utilizatorii si vizitele subsecvente sau sa autorizeze alte Site-uri sa recunoasca acesti utilizatori pentru un scop anume definit.<\/p>\n<p><strong>3. Ce fac cookie-urile?<\/strong><\/p>\n<p>Cookie-urile indeplinesc mai multe roluri in scopul de a face experienta navigarii pe internet rapida si interactiva. Spre exemplu, sunt folosite pentru a memora preferintele navigarii pe site-ul vizitat, pentru a furniza un continut conform preferintelor dumneavoastra si pentru a va ajuta cu privire la navigarea paginilor.<\/p>\n<p>Refuzarea sau dezactivarea Cookie-urilor nu inseamna ca nu veti mai primi comunicari comerciale in online, ci doar ca aceastea nu vor mai putea tine cont de preferintele si interesele dumneavoastra, evidentiate prin comportamentul de navigare.<\/p>\n<p><strong>4. De ce utilizam cookie-urile?<\/strong><\/p>\n<p>Cookie-urile sunt folosite pentru mai multe scopuri, printre care:<\/p>\n<ul>\n<li>functionarea optima a platformei online;<\/li>\n<li>monitorizarea site-ului;<\/li>\n<li>inregistrarea numarului de utilizatori simultani;<\/li>\n<li>analizarea vizitatorilor si comportamentului acestora;<\/li>\n<\/ul>\n<p><strong>5. Ce tipuri de cookie-uri exista si ce tipuri utilizam?<\/strong><\/p>\n<p>Numarul, denumirea, tipul, scopul si durata cookie-urilor plasate pe site-ul Universitatii Nationale de Muzica din Bucuresti pot varia.<\/p>\n<p>Vom depune toate diligentele necesare pentru a actualiza periodic\u00a0<em>Politicile<\/em>\u00a0noastre de cookies si de prelucrare a datelor, in scopul de a va informa in mod corespunzator.<\/p>\n<p>Website-ul nostru foloseste doua tipuri de Cookie-uri: per sesiune si fixe.<\/p>\n<p>Cookie-urile\u00a0<em>per sesiune<\/em>\u00a0sunt fisiere temporare ce raman \u00een terminalul utilizatorului pana la terminarea sesiunii sau \u00eenchiderea aplicatiei (browser-ului web). Cookie-urile fixe raman pe terminalul utilizatorului pe o perioada determinata de parametrii cookie-ului sau pana sunt sterse manual de catre utilizator.<\/p>\n<p>Cookie-urile<em>\u00a0fixe<\/em>\u00a0le includ si pe cele plasate de un alt website decat cel pe care il viziteaza utilizatorul la momentul respectiv \u2013 cunoscute sub numele de \u201c<em>third party cookies<\/em>\u201d (cookies plasate de terti) \u2013 care pot fi folosite in mod anonim pentru a memora interesele unui utilizator, astfel incat sa fie livrata publicitate cat mai relevanta pentru acesta.<\/p>\n<p>Pe platforma noastra se regasesc urmatoarele module cookie pe care noi si tertele persoane le folosim pe website: module cookie necesare, module cookie preferinta, module cookie statistica.<\/p>\n<p>Modulele cookie\u00a0<em>necesare<\/em>\u00a0ne ajuta sa facem site-ul utilizabil prin activarea functiilor de baza, precum navigarea in pagina si accesul la zonele securizate de pe website. Site-ul nu poate functiona corespunzator fara acest tip de cookies.<\/p>\n<p>Modulele cookie\u00a0<em>statistice<\/em>\u00a0ne ajuta sa intelegem cum interactioneaza utilizatorii paginii noastre, iar prin intermediul acestora informatiile prelucrate la momentul navigarii pe website sunt colectate in mod anonim, fara a putea conduce la identificarea utilizatorului.<\/p>\n<p>Modulele cookie\u00a0<em>functionale\/de preferinta<\/em>\u00a0sunt module cookie care faciliteaza functionarea site-ului web si il fac mai placut vizitatorilor. Acestea asigura o experienta de navigare mai personalizata. De exemplu: module cookie care retin preferinta de limba.<\/p>\n<p>Site-ul edituraunmb.ro utilizeaza cookies avand urmatoarele caracteristici:<\/p>\n<table width=\"718\">\n<tbody>\n<tr>\n<td width=\"188\"><strong>DENUMIRE<\/strong><\/td>\n<td width=\"170\"><strong>DOMENIU<\/strong><\/td>\n<td width=\"171\"><strong>SCOP<\/strong><\/td>\n<td width=\"95\"><strong>TIP<\/strong><\/td>\n<td width=\"95\"><strong>EXPIRARE<\/strong><\/td>\n<\/tr>\n<tr>\n<td width=\"188\"><strong>pll_language<\/strong><\/td>\n<td width=\"170\">edituraunmb.ro<\/td>\n<td width=\"171\">Polylang seteaza acest cookie pentru a \u021bine minte limba selectat\u0103<\/td>\n<td width=\"95\">Necesare<\/td>\n<td width=\"95\">1 An<\/td>\n<\/tr>\n<tr>\n<td width=\"188\"><\/td>\n<td width=\"170\"><\/td>\n<td width=\"171\"><\/td>\n<td width=\"95\"><\/td>\n<td width=\"95\"><\/td>\n<\/tr>\n<tr>\n<td width=\"188\"><strong>_gat_*<\/strong><\/td>\n<td width=\"170\">edituraunmb.ro<\/td>\n<td width=\"171\">Acest cookie face parte din Google Analytics \u0219i este utilizat pentru a limita num\u0103rul de cereri (controlul frecven\u021bei solicit\u0103rilor).<\/td>\n<td width=\"95\">1 min<\/td>\n<td width=\"95\">Analytics<\/td>\n<\/tr>\n<tr>\n<td width=\"188\"><strong>_gid<\/strong><\/td>\n<td width=\"170\">edituraunmb.ro<\/td>\n<td width=\"171\">Acest cookie este setat de Google Analytics. El stocheaz\u0103 \u0219i actualizeaz\u0103 o valoare unic\u0103 pentru fiecare pagin\u0103 vizitat\u0103 \u0219i este folosit pentru a num\u0103ra \u0219i a urm\u0103ri afi\u0219\u0103rile de pagin\u0103.<\/td>\n<td width=\"95\">1 zi<\/td>\n<td width=\"95\">Analytics<\/td>\n<\/tr>\n<tr>\n<td width=\"188\"><strong>\u00a0_ga<\/strong><\/td>\n<td width=\"170\">edituraunmb.ro<\/td>\n<td width=\"171\">Cookie-ul _ga, instalat de Google Analytics, calculeaz\u0103 datele despre vizitatori, sesiuni \u0219i campanii \u0219i, de asemenea, \u021bine eviden\u021ba utiliz\u0103rii site-ului pentru raportul de analiz\u0103 al site-ului. Cookie-ul stocheaz\u0103 informa\u021bii \u00een mod anonim \u0219i atribuie un num\u0103r generat aleatoriu pentru a recunoa\u0219te vizitatorii unici.<\/td>\n<td width=\"95\">1 an, 1 luna<\/td>\n<td width=\"95\">Analytics<\/td>\n<\/tr>\n<tr>\n<td width=\"188\"><strong>\u00a0_ga_*<\/strong><\/td>\n<td width=\"170\">edituraunmb.ro<\/td>\n<td width=\"171\">Google Analytics seteaz\u0103 acest cookie pentru a stoca \u0219i num\u0103ra vizualiz\u0103rile de pagin\u0103.<\/td>\n<td width=\"95\">1 an, 1 luna<\/td>\n<td width=\"95\">Analytics<\/td>\n<\/tr>\n<\/tbody>\n<\/table>\n<p><strong>6. Importanta cookie-urilor<\/strong><\/p>\n<p>Cookie-urile reprezinta punctul central al functionarii eficiente a Internetului, ajutand la generarea unei experiente de navigare prietenoase si adaptate preferintelor si intereselor fiecarui utilizator.<\/p>\n<p>Refuzarea sau dezactivarea cookieurilor poate face unele site-uri imposibil de folosit.<\/p>\n<p>Exemple de intrebuintari importante ale cookie-urilor (care nu necesita autentificarea unui utilizator prin intermediul unui cont):<\/p>\n<ul>\n<li>Continut si servicii adaptate preferintelor utilizatorului \u2013 categorii de produse si servicii;<\/li>\n<li>Oferte adaptate pe interesele utilizatorilor \u2013 retinerea parolelor;<\/li>\n<li>Retinerea filtrelor de protectie a copiilor privind continutul pe Internet (optiuni family mode, functii de safe search);<\/li>\n<li>Limitarea frecventei de difuzare a reclamelor \u2013 limitarea numarului de afisari a unei reclame pentru un anumit utilizator pe un site;<\/li>\n<li>Masurarea, optimizarea si caracteristicile de analytics \u2013 spre exemplu confirmarea unui anumit nivel de trafic pe un website, ce tip de continut este vizualizat si modul cum un utilizator ajunge pe un website (ex. prin motoare de cautare, direct, din alte website-uri etc). Website-urile deruleaza aceste analize a utilizarii lor pentru a imbunatati site-urile in beneficiul userilor.<\/li>\n<\/ul>\n<p><strong>7. Stergerea cookie-urilor<\/strong><\/p>\n<p>In general, o aplicatie folosita pentru accesarea paginilor web permite salvarea Cookie-urilor pe terminal in mod implicit. Aceste setari pot fi schimbate in asa fel incat administrarea automata a Cookie-urilor sa fie blocata de browserul web sau utilizatorul sa fie informat de fiecare data cand Cookie-uri sunt trimise catre terminalul sau. Informatii detaliate despre posibilitatile si modurile de administrare a Cookie-urilor pot fi gasite in zona de setari a aplicatiei (browser-ului web pe care il utilizati). Limitarea folosirii Cookie-urilor poate afecta anumite functionalitati ale paginii web.<\/p>\n<p><strong>8. Securitate si probleme legate de securitate<\/strong><\/p>\n<p>Cookie-urile folosesc formate exclusiv tip text si nu sunt alcatuite din bucati de cod, motiv pentru care nu pot fi executate, nici nu pot auto-rula. In consecinta, nu se pot duplica sau replica pe alte retele pentru a se rula sau replica din nou.<\/p>\n<p>In general, browserele au integrate setari de confidentialitate care furnizeaza diferite nivele de acceptare a Cookie-urilor, perioada de valabilitate si stergere automata dupa ce utilizatorul a vizitat un anumit site.<\/p>\n<p><strong>9. Date de contact<\/strong><\/p>\n<p>Pentru informatii suplimentare sau pentru a va exercita drepturile, in calitate de persoana vizata, asa cum ele sunt descrise in\u00a0<em>Politica de Confidentialitate<\/em>, ne puteti contacta la urmatoarea adresa de e-mail:\u00a0<a href=\"mailto:protectiadatelor@unmb.ro\">protectiadatelor@unmb.ro<\/a>\u00a0sau in scris la adresa: Bucure\u015fti, str. Stirbei Voda, nr.33, Sector 1, Romania.<\/p>\n","protected":false},"excerpt":{"rendered":"<p>1. Politica de cookies Prezenta politica va informeaza cu privire la cookie-urile implementate pe website-ul\u00a0edituraunmb.ro\u00a0apartinand Universitatii Nationale de Muzica din Bucuresti. De fiecare data cand ne vizitati vom colecta automat urmatoarele categorii de date: adresa IP, browserul pe care il &hellip; <a href=\"https:\/\/www.edituraunmb.ro\/?page_id=2245\" style=\"padding-left:10px;\">Mai multe detalii<\/a><\/p>\n","protected":false},"author":3,"featured_media":0,"parent":0,"menu_order":0,"comment_status":"closed","ping_status":"closed","template":"","meta":{"_acf_changed":false,"footnotes":""},"class_list":["post-2245","page","type-page","status-publish","hentry"],"acf":[],"_links":{"self":[{"href":"https:\/\/www.edituraunmb.ro\/index.php?rest_route=\/wp\/v2\/pages\/2245","targetHints":{"allow":["GET"]}}],"collection":[{"href":"https:\/\/www.edituraunmb.ro\/index.php?rest_route=\/wp\/v2\/pages"}],"about":[{"href":"https:\/\/www.edituraunmb.ro\/index.php?rest_route=\/wp\/v2\/types\/page"}],"author":[{"embeddable":true,"href":"https:\/\/www.edituraunmb.ro\/index.php?rest_route=\/wp\/v2\/users\/3"}],"replies":[{"embeddable":true,"href":"https:\/\/www.edituraunmb.ro\/index.php?rest_route=%2Fwp%2Fv2%2Fcomments&post=2245"}],"version-history":[{"count":1,"href":"https:\/\/www.edituraunmb.ro\/index.php?rest_route=\/wp\/v2\/pages\/2245\/revisions"}],"predecessor-version":[{"id":2246,"href":"https:\/\/www.edituraunmb.ro\/index.php?rest_route=\/wp\/v2\/pages\/2245\/revisions\/2246"}],"wp:attachment":[{"href":"https:\/\/www.edituraunmb.ro\/index.php?rest_route=%2Fwp%2Fv2%2Fmedia&parent=2245"}],"curies":[{"name":"wp","href":"https:\/\/api.w.org\/{rel}","templated":true}]}}