{"id":93,"date":"2017-05-15T03:37:00","date_gmt":"2017-05-15T03:37:00","guid":{"rendered":"http:\/\/www.edituraunmb.ro\/?page_id=93"},"modified":"2025-10-24T13:36:18","modified_gmt":"2025-10-24T10:36:18","slug":"partituri","status":"publish","type":"page","link":"https:\/\/www.edituraunmb.ro\/?page_id=93","title":{"rendered":"Partituri"},"content":{"rendered":"<p>Colec\u0163ia de partituri a Editurii UNMB \u00ee\u015fi propune s\u0103 cuprind\u0103 lumi muzicale c\u00e2t mai diverse din punct de vedere al epocilor \u015fi al stilurilor, cu un accent pe crea\u0163ia muzical\u0103 contemporan\u0103.<\/p>\n<h2>Ultimele apari\u021bii<\/h2>\n<p>&nbsp;<\/p>\n<hr \/>\n<div class=\"woocommerce columns-3 term,partitura\"><ul class=\"products columns-3\">\n<li class=\"product type-product post-2405 status-publish first instock product_cat-1004 product_tag-muzica-de-camera product_tag-partitura has-post-thumbnail shipping-taxable product-type-simple\">\n\t<a href=\"https:\/\/www.edituraunmb.ro\/?product=fur-ulisse-2020\" class=\"woocommerce-LoopProduct-link woocommerce-loop-product__link\">\t<a href=\"https:\/\/www.edituraunmb.ro\/?product=fur-ulisse-2020&lang=\" title=\"F\u00fcr Ulisse (2020)\">\n\t\t<img loading=\"lazy\" decoding=\"async\" width=\"224\" height=\"320\" src=\"https:\/\/www.edituraunmb.ro\/wp-content\/uploads\/2026\/03\/Dediu-FurUlisse-Str._imresizer-224x320.jpg\" class=\"attachment-woocommerce_thumbnail size-woocommerce_thumbnail\" alt=\"F\u00fcr Ulisse (2020)\" srcset=\"https:\/\/www.edituraunmb.ro\/wp-content\/uploads\/2026\/03\/Dediu-FurUlisse-Str._imresizer-224x320.jpg 224w, https:\/\/www.edituraunmb.ro\/wp-content\/uploads\/2026\/03\/Dediu-FurUlisse-Str._imresizer-210x300.jpg 210w, https:\/\/www.edituraunmb.ro\/wp-content\/uploads\/2026\/03\/Dediu-FurUlisse-Str._imresizer-350x500.jpg 350w, https:\/\/www.edituraunmb.ro\/wp-content\/uploads\/2026\/03\/Dediu-FurUlisse-Str._imresizer.jpg 700w\" sizes=\"auto, (max-width: 224px) 100vw, 224px\" \/>\t\n\t\t<h3>F\u00fcr Ulisse (2020)<\/h3>\n\t\t<h4>by Dan Dediu<\/h4><br\/>\n\n\t\t<\/a><a href=\"https:\/\/www.edituraunmb.ro\/?post_type=product&#038;p=2405&#038;lang=\" rel=\"nofollow\" data-product_id=\"2405\" data-product_sku=\"\" data-quantity=\"1\" class=\"button product_type_simple\">\r\nReadMore<\/a><\/li>\n<li class=\"product type-product post-2401 status-publish instock product_cat-1004 product_tag-muzica-de-camera product_tag-partitura has-post-thumbnail shipping-taxable product-type-simple\">\n\t<a href=\"https:\/\/www.edituraunmb.ro\/?product=il-pianto-del-ghiaccio-2016\" class=\"woocommerce-LoopProduct-link woocommerce-loop-product__link\">\t<a href=\"https:\/\/www.edituraunmb.ro\/?product=il-pianto-del-ghiaccio-2016&lang=\" title=\"Il Pianto del Ghiaccio (2016)\">\n\t\t<img loading=\"lazy\" decoding=\"async\" width=\"224\" height=\"320\" src=\"https:\/\/www.edituraunmb.ro\/wp-content\/uploads\/2026\/03\/0001_imresizer-2-224x320.jpg\" class=\"attachment-woocommerce_thumbnail size-woocommerce_thumbnail\" alt=\"Il Pianto del Ghiaccio (2016)\" srcset=\"https:\/\/www.edituraunmb.ro\/wp-content\/uploads\/2026\/03\/0001_imresizer-2-224x320.jpg 224w, https:\/\/www.edituraunmb.ro\/wp-content\/uploads\/2026\/03\/0001_imresizer-2-210x300.jpg 210w, https:\/\/www.edituraunmb.ro\/wp-content\/uploads\/2026\/03\/0001_imresizer-2-350x500.jpg 350w, https:\/\/www.edituraunmb.ro\/wp-content\/uploads\/2026\/03\/0001_imresizer-2.jpg 700w\" sizes=\"auto, (max-width: 224px) 100vw, 224px\" \/>\t\n\t\t<h3>Il Pianto del Ghiaccio (2016)<\/h3>\n\t\t<h4>by Doina Rotaru<\/h4><br\/>\n\n\t\t<\/a><a href=\"https:\/\/www.edituraunmb.ro\/?post_type=product&#038;p=2401&#038;lang=\" rel=\"nofollow\" data-product_id=\"2401\" data-product_sku=\"\" data-quantity=\"1\" class=\"button product_type_simple\">\r\nReadMore<\/a><\/li>\n<li class=\"product type-product post-2398 status-publish last instock product_cat-1004 product_tag-muzica-de-camera product_tag-partitura has-post-thumbnail shipping-taxable product-type-simple\">\n\t<a href=\"https:\/\/www.edituraunmb.ro\/?product=cvartet-de-coarde-nr-2-1983\" class=\"woocommerce-LoopProduct-link woocommerce-loop-product__link\">\t<a href=\"https:\/\/www.edituraunmb.ro\/?product=cvartet-de-coarde-nr-2-1983&lang=\" title=\"Cvartet de coarde nr. 2 (1983)\">\n\t\t<img loading=\"lazy\" decoding=\"async\" width=\"224\" height=\"320\" src=\"https:\/\/www.edituraunmb.ro\/wp-content\/uploads\/2026\/03\/0001_imresizer-1-224x320.jpg\" class=\"attachment-woocommerce_thumbnail size-woocommerce_thumbnail\" alt=\"Cvartet de coarde nr. 2 (1983)\" srcset=\"https:\/\/www.edituraunmb.ro\/wp-content\/uploads\/2026\/03\/0001_imresizer-1-224x320.jpg 224w, https:\/\/www.edituraunmb.ro\/wp-content\/uploads\/2026\/03\/0001_imresizer-1-210x300.jpg 210w, https:\/\/www.edituraunmb.ro\/wp-content\/uploads\/2026\/03\/0001_imresizer-1-350x500.jpg 350w, https:\/\/www.edituraunmb.ro\/wp-content\/uploads\/2026\/03\/0001_imresizer-1.jpg 700w\" sizes=\"auto, (max-width: 224px) 100vw, 224px\" \/>\t\n\t\t<h3>Cvartet de coarde nr. 2 (1983)<\/h3>\n\t\t<h4>by Adrian Iorgulescu<\/h4><br\/>\n\n\t\t<\/a><a href=\"https:\/\/www.edituraunmb.ro\/?post_type=product&#038;p=2398&#038;lang=\" rel=\"nofollow\" data-product_id=\"2398\" data-product_sku=\"\" data-quantity=\"1\" class=\"button product_type_simple\">\r\nReadMore<\/a><\/li>\n<\/ul>\n<\/div>\n<hr \/>\n<p style=\"text-align: left;\"><a class=\"button noindent\" href=\"\/?page_id=2308\">Catalog Partituri<\/a><\/p>\n","protected":false},"excerpt":{"rendered":"<p>Colec\u0163ia de partituri a Editurii UNMB \u00ee\u015fi propune s\u0103 cuprind\u0103 lumi muzicale c\u00e2t mai diverse din punct de vedere al epocilor \u015fi al stilurilor, cu un accent pe crea\u0163ia muzical\u0103 contemporan\u0103. Ultimele apari\u021bii &nbsp; Catalog Partituri<\/p>\n","protected":false},"author":3,"featured_media":0,"parent":0,"menu_order":5,"comment_status":"open","ping_status":"open","template":"","meta":{"_acf_changed":false,"footnotes":""},"class_list":["post-93","page","type-page","status-publish","hentry"],"acf":[],"_links":{"self":[{"href":"https:\/\/www.edituraunmb.ro\/index.php?rest_route=\/wp\/v2\/pages\/93","targetHints":{"allow":["GET"]}}],"collection":[{"href":"https:\/\/www.edituraunmb.ro\/index.php?rest_route=\/wp\/v2\/pages"}],"about":[{"href":"https:\/\/www.edituraunmb.ro\/index.php?rest_route=\/wp\/v2\/types\/page"}],"author":[{"embeddable":true,"href":"https:\/\/www.edituraunmb.ro\/index.php?rest_route=\/wp\/v2\/users\/3"}],"replies":[{"embeddable":true,"href":"https:\/\/www.edituraunmb.ro\/index.php?rest_route=%2Fwp%2Fv2%2Fcomments&post=93"}],"version-history":[{"count":12,"href":"https:\/\/www.edituraunmb.ro\/index.php?rest_route=\/wp\/v2\/pages\/93\/revisions"}],"predecessor-version":[{"id":2310,"href":"https:\/\/www.edituraunmb.ro\/index.php?rest_route=\/wp\/v2\/pages\/93\/revisions\/2310"}],"wp:attachment":[{"href":"https:\/\/www.edituraunmb.ro\/index.php?rest_route=%2Fwp%2Fv2%2Fmedia&parent=93"}],"curies":[{"name":"wp","href":"https:\/\/api.w.org\/{rel}","templated":true}]}}