{"id":1001,"date":"2015-08-13T08:37:52","date_gmt":"2015-08-13T08:37:52","guid":{"rendered":"http:\/\/www.edituraunmb.ro\/?product=amintirea-unui-muzician-vasile-iliut"},"modified":"2015-08-13T08:46:14","modified_gmt":"2015-08-13T08:46:14","slug":"amintirea-unui-muzician-vasile-iliut","status":"publish","type":"product","link":"https:\/\/www.edituraunmb.ro\/?product=amintirea-unui-muzician-vasile-iliut","title":{"rendered":"Amintirea unui muzician: Vasile Iliu\u021b"},"content":{"rendered":"<p class=\"CM1\" style=\"text-align: justify; text-indent: 36.0pt;\"><span style=\"font-size: 11.5pt; color: black;\">&#8222;Pe 4 martie 2009, la \u00eemplinirea a cinci ani de c\u00e2nd prof. univ. dr. Vasile Iliu\u0163 nu mai este printre noi, la sugestia \u015fi imboldul dat de c\u00e2\u0163iva profesori, colegi \u015fi prieteni &#8211; c\u0103rora le mul\u0163umesc din suflet pentru sprijinul oferit -, am organizat un <b><i>Simpozion Comemorativ: Vasile Iliu\u0163<\/i><\/b>. Toate comunic\u0103rile sus\u0163inte \u00een cadrul Simpozionului sunt cuprinse \u00een volumul de fa\u0163\u0103. De asemenea, am considerat de cuviin\u0163\u0103 s\u0103 adaug \u015fi c\u00e2teva dintre studiile muzicologice ale tat\u0103lui meu, alte opinii \u015fi cronici despre lucr\u0103rile \u015fi personalitatea sa, precum \u015fi c\u00e2teva fotografii document ce \u00eentregesc edi\u0163ia. Cred c\u0103 aceasta este datoria mea de fiic\u0103 \u015fi continuatoare a muncii \u015fi preocup\u0103rilor sale.&#8221; (Anamaria Iliu\u021b C\u0103lin)<\/span><\/p>\n","protected":false},"excerpt":{"rendered":"<p>Edi&#8217;ie alc\u0103tuit\u0103 \u0219i prefa\u021bat\u0103 de Anamaria Iliu\u021b C\u0103lin <a href=\"https:\/\/www.edituraunmb.ro\/?product=amintirea-unui-muzician-vasile-iliut\" style=\"padding-left:10px;\">Mai multe detalii<\/a><\/p>\n","protected":false},"featured_media":537,"comment_status":"open","ping_status":"closed","template":"","meta":{"_acf_changed":false},"product_brand":[],"product_cat":[114],"product_tag":[],"class_list":{"0":"post-1001","1":"product","2":"type-product","3":"status-publish","4":"has-post-thumbnail","6":"product_cat-114","7":"p_author-adrian-leonard-mociulschi","8":"p_author-anamaria-calin","9":"p_author-carmen-manea","10":"p_author-constantin-nitu","11":"p_author-dan-buciu","12":"p_author-dan-dediu","13":"p_author-doru-popovici","14":"p_author-gheorghe-oprea","15":"p_author-grigore-constantinescu","16":"p_author-ioan-golcea","17":"p_author-ioan-vidrighin","18":"p_author-liviu-danceanu","19":"p_author-petru-andriesei","20":"p_author-petruta-maniut-coroiu","21":"p_author-sanda-hirlav-maistorovici","22":"p_author-smaranda-murgan","23":"p_author-stefan-angi","24":"p_author-tiberiu-olah","25":"p_author-tudor-moisin","26":"p_author-valentina-sandu-dediu","27":"p_author-vasile-vasile","28":"p_author-veturia-dimoftache","29":"p_author-viorel-cosma","30":"t_lucrare-brosura","32":"first","33":"instock","34":"shipping-taxable","35":"product-type-simple"},"acf":[],"_links":{"self":[{"href":"https:\/\/www.edituraunmb.ro\/index.php?rest_route=\/wp\/v2\/product\/1001","targetHints":{"allow":["GET"]}}],"collection":[{"href":"https:\/\/www.edituraunmb.ro\/index.php?rest_route=\/wp\/v2\/product"}],"about":[{"href":"https:\/\/www.edituraunmb.ro\/index.php?rest_route=\/wp\/v2\/types\/product"}],"replies":[{"embeddable":true,"href":"https:\/\/www.edituraunmb.ro\/index.php?rest_route=%2Fwp%2Fv2%2Fcomments&post=1001"}],"wp:featuredmedia":[{"embeddable":true,"href":"https:\/\/www.edituraunmb.ro\/index.php?rest_route=\/wp\/v2\/media\/537"}],"wp:attachment":[{"href":"https:\/\/www.edituraunmb.ro\/index.php?rest_route=%2Fwp%2Fv2%2Fmedia&parent=1001"}],"wp:term":[{"taxonomy":"product_brand","embeddable":true,"href":"https:\/\/www.edituraunmb.ro\/index.php?rest_route=%2Fwp%2Fv2%2Fproduct_brand&post=1001"},{"taxonomy":"product_cat","embeddable":true,"href":"https:\/\/www.edituraunmb.ro\/index.php?rest_route=%2Fwp%2Fv2%2Fproduct_cat&post=1001"},{"taxonomy":"product_tag","embeddable":true,"href":"https:\/\/www.edituraunmb.ro\/index.php?rest_route=%2Fwp%2Fv2%2Fproduct_tag&post=1001"}],"curies":[{"name":"wp","href":"https:\/\/api.w.org\/{rel}","templated":true}]}}