{"id":1006,"date":"2015-08-13T08:59:57","date_gmt":"2015-08-13T08:59:57","guid":{"rendered":"http:\/\/www.edituraunmb.ro\/?product=directii-si-tendinte-in-muzica-romaneasca-si-universala-dupa-1990"},"modified":"2015-08-13T09:04:54","modified_gmt":"2015-08-13T09:04:54","slug":"directii-si-tendinte-in-muzica-romaneasca-si-universala-dupa-1990","status":"publish","type":"product","link":"https:\/\/www.edituraunmb.ro\/?product=directii-si-tendinte-in-muzica-romaneasca-si-universala-dupa-1990","title":{"rendered":"Direc\u021bii \u0219i tendin\u021be \u00een muzica rom\u00e2neasc\u0103 \u0219i universal\u0103 dup\u0103 1990"},"content":{"rendered":"","protected":false},"excerpt":{"rendered":"<p>Edi\u021bie \u00eengrijit\u0103 de Olgu\u021ba Lupu. Volumul con\u021bine lucr\u0103rile prezentate \u00een cadrul Simpozionului Interna\u021bional de Muzicologie din S\u0103pt\u0103m\u00e2na Interna\u021bional\u0103 a Muzicii Noi 20014, UNMB, 30 mai 2014 <a href=\"https:\/\/www.edituraunmb.ro\/?product=directii-si-tendinte-in-muzica-romaneasca-si-universala-dupa-1990\" style=\"padding-left:10px;\">Mai multe detalii<\/a><\/p>\n","protected":false},"featured_media":196,"comment_status":"open","ping_status":"closed","template":"","meta":{"_acf_changed":false},"product_brand":[],"product_cat":[30],"product_tag":[],"class_list":{"0":"post-1006","1":"product","2":"type-product","3":"status-publish","4":"has-post-thumbnail","6":"product_cat-30","7":"p_author-corneliu-dan-georgescu","8":"p_author-dragos-calin","9":"p_author-gary-barnett","10":"p_author-grigore-constantinescu","11":"p_author-iulia-cibisescu-duran","12":"p_author-lavinia-coman","13":"p_author-leonard-dumitriu","14":"p_author-liviu-marinescu","15":"p_author-oana-andreica","16":"p_author-olguta-lupu","17":"p_author-sanda-hirlav-maistorovici","18":"p_author-volum-colectiv","19":"t_lucrare-carte","21":"first","22":"instock","23":"shipping-taxable","24":"product-type-simple"},"acf":[],"_links":{"self":[{"href":"https:\/\/www.edituraunmb.ro\/index.php?rest_route=\/wp\/v2\/product\/1006","targetHints":{"allow":["GET"]}}],"collection":[{"href":"https:\/\/www.edituraunmb.ro\/index.php?rest_route=\/wp\/v2\/product"}],"about":[{"href":"https:\/\/www.edituraunmb.ro\/index.php?rest_route=\/wp\/v2\/types\/product"}],"replies":[{"embeddable":true,"href":"https:\/\/www.edituraunmb.ro\/index.php?rest_route=%2Fwp%2Fv2%2Fcomments&post=1006"}],"wp:featuredmedia":[{"embeddable":true,"href":"https:\/\/www.edituraunmb.ro\/index.php?rest_route=\/wp\/v2\/media\/196"}],"wp:attachment":[{"href":"https:\/\/www.edituraunmb.ro\/index.php?rest_route=%2Fwp%2Fv2%2Fmedia&parent=1006"}],"wp:term":[{"taxonomy":"product_brand","embeddable":true,"href":"https:\/\/www.edituraunmb.ro\/index.php?rest_route=%2Fwp%2Fv2%2Fproduct_brand&post=1006"},{"taxonomy":"product_cat","embeddable":true,"href":"https:\/\/www.edituraunmb.ro\/index.php?rest_route=%2Fwp%2Fv2%2Fproduct_cat&post=1006"},{"taxonomy":"product_tag","embeddable":true,"href":"https:\/\/www.edituraunmb.ro\/index.php?rest_route=%2Fwp%2Fv2%2Fproduct_tag&post=1006"}],"curies":[{"name":"wp","href":"https:\/\/api.w.org\/{rel}","templated":true}]}}