{"id":1028,"date":"2015-08-13T15:03:39","date_gmt":"2015-08-13T15:03:39","guid":{"rendered":"http:\/\/www.edituraunmb.ro\/?product=repere-violonistice-constantin-dimitrescu-si-george-enescu"},"modified":"2015-08-13T15:09:01","modified_gmt":"2015-08-13T15:09:01","slug":"repere-violonistice-constantin-dimitrescu-si-george-enescu","status":"publish","type":"product","link":"https:\/\/www.edituraunmb.ro\/?product=repere-violonistice-constantin-dimitrescu-si-george-enescu","title":{"rendered":"Repere violonistice: Constantin Dimitrescu \u0219i George Enescu"},"content":{"rendered":"<p>\u201eA scrie despre literatura de violoncel \u00eenseamn\u0103 posibilitatea unor viziuni distincte, iar Marin Cazacu demonstreaz\u0103 cu str\u0103lucire \u015fi f\u0103r\u0103 ostenta\u0163ie, totodat\u0103, care e drumul potrivit ales de un interpret. Acesta absoarbe uneltele muzicologului, dar nu uit\u0103 \u00een nicio pagin\u0103 c\u0103 este \u00een primul r\u00e2nd practician \u015fi c\u0103 tipul s\u0103u de investiga\u0163ie \u0163inte\u015fte \u00een principal concluziile interpretului.\u201d (Valentina Sandu-Dediu)<\/p>\n","protected":false},"excerpt":{"rendered":"<p>\u201eA scrie despre literatura de violoncel \u00eenseamn\u0103 posibilitatea unor viziuni distincte, iar Marin Cazacu demonstreaz\u0103 cu str\u0103lucire \u015fi f\u0103r\u0103 ostenta\u0163ie, totodat\u0103, care e drumul potrivit ales de un interpret. Acesta absoarbe uneltele muzicologului, dar nu uit\u0103 \u00een nicio pagin\u0103 c\u0103 &hellip; <a href=\"https:\/\/www.edituraunmb.ro\/?product=repere-violonistice-constantin-dimitrescu-si-george-enescu\" style=\"padding-left:10px;\">Mai multe detalii<\/a><\/p>\n","protected":false},"featured_media":383,"comment_status":"open","ping_status":"closed","template":"","meta":{"_acf_changed":false},"product_brand":[],"product_cat":[114],"product_tag":[],"class_list":{"0":"post-1028","1":"product","2":"type-product","3":"status-publish","4":"has-post-thumbnail","6":"product_cat-114","7":"p_author-marin-cazacu","8":"t_lucrare-carte","10":"first","11":"instock","12":"shipping-taxable","13":"product-type-simple"},"acf":[],"_links":{"self":[{"href":"https:\/\/www.edituraunmb.ro\/index.php?rest_route=\/wp\/v2\/product\/1028","targetHints":{"allow":["GET"]}}],"collection":[{"href":"https:\/\/www.edituraunmb.ro\/index.php?rest_route=\/wp\/v2\/product"}],"about":[{"href":"https:\/\/www.edituraunmb.ro\/index.php?rest_route=\/wp\/v2\/types\/product"}],"replies":[{"embeddable":true,"href":"https:\/\/www.edituraunmb.ro\/index.php?rest_route=%2Fwp%2Fv2%2Fcomments&post=1028"}],"wp:featuredmedia":[{"embeddable":true,"href":"https:\/\/www.edituraunmb.ro\/index.php?rest_route=\/wp\/v2\/media\/383"}],"wp:attachment":[{"href":"https:\/\/www.edituraunmb.ro\/index.php?rest_route=%2Fwp%2Fv2%2Fmedia&parent=1028"}],"wp:term":[{"taxonomy":"product_brand","embeddable":true,"href":"https:\/\/www.edituraunmb.ro\/index.php?rest_route=%2Fwp%2Fv2%2Fproduct_brand&post=1028"},{"taxonomy":"product_cat","embeddable":true,"href":"https:\/\/www.edituraunmb.ro\/index.php?rest_route=%2Fwp%2Fv2%2Fproduct_cat&post=1028"},{"taxonomy":"product_tag","embeddable":true,"href":"https:\/\/www.edituraunmb.ro\/index.php?rest_route=%2Fwp%2Fv2%2Fproduct_tag&post=1028"}],"curies":[{"name":"wp","href":"https:\/\/api.w.org\/{rel}","templated":true}]}}