{"id":1333,"date":"2019-01-14T11:27:44","date_gmt":"2019-01-14T11:27:44","guid":{"rendered":"http:\/\/www.edituraunmb.ro\/?post_type=product&#038;p=1333"},"modified":"2019-01-14T11:49:15","modified_gmt":"2019-01-14T11:49:15","slug":"menestrel","status":"publish","type":"product","link":"https:\/\/www.edituraunmb.ro\/?product=menestrel","title":{"rendered":"Menestrel"},"content":{"rendered":"<p>Lucrarea <em>Menestrel <\/em>se bazeaz\u0103 pe o melodie din repertoriul medieval francez, la care s-au ad\u0103ugat \u0219i unele interven\u021bii scurte din folclorul maramure\u0219ean. S-a urm\u0103rit recompunerea \u00eentregii muzici \u00eentr-o g\u00e2ndire modal\u0103 proprie.\u00a0 \u00a0 \u00a0 \u00a0(Nicolae Br\u00e2ndu\u0219)<\/p>\n","protected":false},"excerpt":{"rendered":"<p>Pentru sopran\u0103, mezzosopran\u0103, harp\u0103, violoncel. <a href=\"https:\/\/www.edituraunmb.ro\/?product=menestrel\" style=\"padding-left:10px;\">Mai multe detalii<\/a><\/p>\n","protected":false},"featured_media":1334,"comment_status":"closed","ping_status":"closed","template":"","meta":{"_acf_changed":false},"product_brand":[],"product_cat":[601],"product_tag":[637,636,579,626,94],"class_list":{"0":"post-1333","1":"product","2":"type-product","3":"status-publish","4":"has-post-thumbnail","6":"product_cat-601","7":"product_tag-harpa","8":"product_tag-mezzosoprana","9":"product_tag-partitura","10":"product_tag-soprana","11":"product_tag-violoncel","12":"p_author-nicolae-brandus","13":"t_lucrare-partitura","15":"first","16":"instock","17":"shipping-taxable","18":"product-type-simple"},"acf":[],"_links":{"self":[{"href":"https:\/\/www.edituraunmb.ro\/index.php?rest_route=\/wp\/v2\/product\/1333","targetHints":{"allow":["GET"]}}],"collection":[{"href":"https:\/\/www.edituraunmb.ro\/index.php?rest_route=\/wp\/v2\/product"}],"about":[{"href":"https:\/\/www.edituraunmb.ro\/index.php?rest_route=\/wp\/v2\/types\/product"}],"replies":[{"embeddable":true,"href":"https:\/\/www.edituraunmb.ro\/index.php?rest_route=%2Fwp%2Fv2%2Fcomments&post=1333"}],"wp:featuredmedia":[{"embeddable":true,"href":"https:\/\/www.edituraunmb.ro\/index.php?rest_route=\/wp\/v2\/media\/1334"}],"wp:attachment":[{"href":"https:\/\/www.edituraunmb.ro\/index.php?rest_route=%2Fwp%2Fv2%2Fmedia&parent=1333"}],"wp:term":[{"taxonomy":"product_brand","embeddable":true,"href":"https:\/\/www.edituraunmb.ro\/index.php?rest_route=%2Fwp%2Fv2%2Fproduct_brand&post=1333"},{"taxonomy":"product_cat","embeddable":true,"href":"https:\/\/www.edituraunmb.ro\/index.php?rest_route=%2Fwp%2Fv2%2Fproduct_cat&post=1333"},{"taxonomy":"product_tag","embeddable":true,"href":"https:\/\/www.edituraunmb.ro\/index.php?rest_route=%2Fwp%2Fv2%2Fproduct_tag&post=1333"}],"curies":[{"name":"wp","href":"https:\/\/api.w.org\/{rel}","templated":true}]}}