{"id":1385,"date":"2020-02-24T13:19:23","date_gmt":"2020-02-24T13:19:23","guid":{"rendered":"http:\/\/www.edituraunmb.ro\/?post_type=product&#038;p=1385"},"modified":"2020-02-24T13:19:23","modified_gmt":"2020-02-24T13:19:23","slug":"sonate-k1-k2-k5-k6","status":"publish","type":"product","link":"https:\/\/www.edituraunmb.ro\/?product=sonate-k1-k2-k5-k6","title":{"rendered":"Sonate  &#8211; K1, K2, K5, K6"},"content":{"rendered":"<p>Pentru un acordeonist, posibilitatea de a oferi publicului un repertoriu c\u00e2t mai larg, din sfera muzicii culte, din epoci \u0219i perioade diferite, este cheia succesului \u00een zilele noastre, c\u00e2nd valen\u021bele extraordinare ale acestui instrument devin din ce \u00een ce mai cunoscute. Abordarea unui repertoriu variat \u0219i atractiv este esen\u021bial\u0103 \u00een dezvoltarea oric\u0103rui instrumentist, este un pas important pentru perfec\u021bionarea tehnicii sale, dar mai ales pentru pl\u0103cerea de a face \u0219i oferi muzic\u0103. Dedic aceast\u0103 lucrare studen\u021bilor mei, care sper c\u0103 vor aborda aceste patru sonate de Scarlatti cu pasiune \u0219i pl\u0103cere. (Fernando Mihalache)<\/p>\n","protected":false},"excerpt":{"rendered":"<p>Aranjament pentru acordeon de Fernando Mihalache. <a href=\"https:\/\/www.edituraunmb.ro\/?product=sonate-k1-k2-k5-k6\" style=\"padding-left:10px;\">Mai multe detalii<\/a><\/p>\n","protected":false},"featured_media":1388,"comment_status":"closed","ping_status":"closed","template":"","meta":{"_acf_changed":false},"product_brand":[],"product_cat":[664],"product_tag":[667,85],"class_list":{"0":"post-1385","1":"product","2":"type-product","3":"status-publish","4":"has-post-thumbnail","6":"product_cat-664","7":"product_tag-acordeon","8":"product_tag-sonata","9":"p_author-domenico-scarlatti","10":"t_lucrare-partitura","12":"first","13":"instock","14":"shipping-taxable","15":"product-type-simple"},"acf":[],"_links":{"self":[{"href":"https:\/\/www.edituraunmb.ro\/index.php?rest_route=\/wp\/v2\/product\/1385","targetHints":{"allow":["GET"]}}],"collection":[{"href":"https:\/\/www.edituraunmb.ro\/index.php?rest_route=\/wp\/v2\/product"}],"about":[{"href":"https:\/\/www.edituraunmb.ro\/index.php?rest_route=\/wp\/v2\/types\/product"}],"replies":[{"embeddable":true,"href":"https:\/\/www.edituraunmb.ro\/index.php?rest_route=%2Fwp%2Fv2%2Fcomments&post=1385"}],"wp:featuredmedia":[{"embeddable":true,"href":"https:\/\/www.edituraunmb.ro\/index.php?rest_route=\/wp\/v2\/media\/1388"}],"wp:attachment":[{"href":"https:\/\/www.edituraunmb.ro\/index.php?rest_route=%2Fwp%2Fv2%2Fmedia&parent=1385"}],"wp:term":[{"taxonomy":"product_brand","embeddable":true,"href":"https:\/\/www.edituraunmb.ro\/index.php?rest_route=%2Fwp%2Fv2%2Fproduct_brand&post=1385"},{"taxonomy":"product_cat","embeddable":true,"href":"https:\/\/www.edituraunmb.ro\/index.php?rest_route=%2Fwp%2Fv2%2Fproduct_cat&post=1385"},{"taxonomy":"product_tag","embeddable":true,"href":"https:\/\/www.edituraunmb.ro\/index.php?rest_route=%2Fwp%2Fv2%2Fproduct_tag&post=1385"}],"curies":[{"name":"wp","href":"https:\/\/api.w.org\/{rel}","templated":true}]}}