{"id":1442,"date":"2019-12-28T17:22:43","date_gmt":"2019-12-28T17:22:43","guid":{"rendered":"http:\/\/www.edituraunmb.ro\/?post_type=product&#038;p=1442"},"modified":"2020-10-14T17:32:11","modified_gmt":"2020-10-14T17:32:11","slug":"opera-napasta-de-sabin-v-dragoi-incursiuni-analitice-in-scriitura-corala","status":"publish","type":"product","link":"https:\/\/www.edituraunmb.ro\/?product=opera-napasta-de-sabin-v-dragoi-incursiuni-analitice-in-scriitura-corala","title":{"rendered":"Opera N\u0103pasta de Sabin V. Dr\u0103goi &#8211; incursiuni analitice \u00een scriitura coral\u0103"},"content":{"rendered":"<p>Anul acesta s-au \u00eemplinit 125 de ani de la na\u0219terea compozitorului Sabin<br \/>\nDr\u0103goi, moment aniversar ce ne prilejuie\u0219te punerea \u00een valoare a realiz\u0103rilor sale<br \/>\nartistice \u0219i \u0219tiin\u021bifice, dup\u0103 ce \u00een 2018 se \u00eempliniser\u0103 50 de ani de la trecerea sa<br \/>\n\u00een eternitate. Prezentul volum reprezint\u0103 un omagiu adus celui mai important<br \/>\nmuzician b\u0103n\u0103\u021bean, \u00een acest context jubiliar.<\/p>\n","protected":false},"excerpt":{"rendered":"<p>Anul acesta s-au \u00eemplinit 125 de ani de la na\u0219terea compozitorului Sabin Dr\u0103goi, moment aniversar ce ne prilejuie\u0219te punerea \u00een valoare a realiz\u0103rilor sale artistice \u0219i \u0219tiin\u021bifice, dup\u0103 ce \u00een 2018 se \u00eempliniser\u0103 50 de ani de la trecerea sa &hellip; <a href=\"https:\/\/www.edituraunmb.ro\/?product=opera-napasta-de-sabin-v-dragoi-incursiuni-analitice-in-scriitura-corala\" style=\"padding-left:10px;\">Mai multe detalii<\/a><\/p>\n","protected":false},"featured_media":1444,"comment_status":"closed","ping_status":"closed","template":"","meta":{"_acf_changed":false},"product_brand":[],"product_cat":[664],"product_tag":[707,706],"class_list":{"0":"post-1442","1":"product","2":"type-product","3":"status-publish","4":"has-post-thumbnail","6":"product_cat-664","7":"product_tag-analiza-muzicala","8":"product_tag-opera-romaneasca","9":"p_author-darius-divian-iordanescu","10":"t_lucrare-carte","12":"first","13":"instock","14":"shipping-taxable","15":"product-type-simple"},"acf":[],"_links":{"self":[{"href":"https:\/\/www.edituraunmb.ro\/index.php?rest_route=\/wp\/v2\/product\/1442","targetHints":{"allow":["GET"]}}],"collection":[{"href":"https:\/\/www.edituraunmb.ro\/index.php?rest_route=\/wp\/v2\/product"}],"about":[{"href":"https:\/\/www.edituraunmb.ro\/index.php?rest_route=\/wp\/v2\/types\/product"}],"replies":[{"embeddable":true,"href":"https:\/\/www.edituraunmb.ro\/index.php?rest_route=%2Fwp%2Fv2%2Fcomments&post=1442"}],"wp:featuredmedia":[{"embeddable":true,"href":"https:\/\/www.edituraunmb.ro\/index.php?rest_route=\/wp\/v2\/media\/1444"}],"wp:attachment":[{"href":"https:\/\/www.edituraunmb.ro\/index.php?rest_route=%2Fwp%2Fv2%2Fmedia&parent=1442"}],"wp:term":[{"taxonomy":"product_brand","embeddable":true,"href":"https:\/\/www.edituraunmb.ro\/index.php?rest_route=%2Fwp%2Fv2%2Fproduct_brand&post=1442"},{"taxonomy":"product_cat","embeddable":true,"href":"https:\/\/www.edituraunmb.ro\/index.php?rest_route=%2Fwp%2Fv2%2Fproduct_cat&post=1442"},{"taxonomy":"product_tag","embeddable":true,"href":"https:\/\/www.edituraunmb.ro\/index.php?rest_route=%2Fwp%2Fv2%2Fproduct_tag&post=1442"}],"curies":[{"name":"wp","href":"https:\/\/api.w.org\/{rel}","templated":true}]}}