{"id":1695,"date":"2021-06-15T14:26:27","date_gmt":"2021-06-15T11:26:27","guid":{"rendered":"http:\/\/www.edituraunmb.ro\/?post_type=product&#038;p=1695"},"modified":"2022-10-06T14:36:53","modified_gmt":"2022-10-06T11:36:53","slug":"sonatele-pentru-vioara-solo-de-johann-sebastian-bach","status":"publish","type":"product","link":"https:\/\/www.edituraunmb.ro\/?product=sonatele-pentru-vioara-solo-de-johann-sebastian-bach","title":{"rendered":"Sonatele pentru vioar\u0103 solo de Johann Sebastian Bach"},"content":{"rendered":"<p>Inten\u021bia de a aprofunda lucr\u0103rile componente ale acestei minunate \u201esuite de suite\u201d, de a \u00een\u021belege \u00een am\u0103nunt resorturile care fac s\u0103 se mi\u0219te acest misterios angrenaj ce dep\u0103\u0219e\u0219te grani\u021bele pragmatismului, evolu\u00e2nd \u00een spa\u021biul sideral \u0219i irizat al con\u0219tiin\u021bei mi-a st\u00e2rnit dorin\u021ba de a m\u0103 apleca asupra celor \u0219ase opusuri cu o privire analitic\u0103, rece \u0219i calm\u0103. Am dorit s\u0103 \u00een\u021beleg, \u00eentr-o prim\u0103 faz\u0103 a cercet\u0103rii, structura intern\u0103 a modului \u00een care elementele de ordin tehnic se \u00eencheag\u0103 \u00eentr-un tot unitar; consecin\u021ba: necesitatea aprofund\u0103rii aspectelor de ordin structural-articular, melodic, armonic, ritmic, timbral. (Alexandru Tomescu)<\/p>\n","protected":false},"excerpt":{"rendered":"<p>Inten\u021bia de a aprofunda lucr\u0103rile componente ale acestei minunate \u201esuite de suite\u201d, de a \u00een\u021belege \u00een am\u0103nunt resorturile care fac s\u0103 se mi\u0219te acest misterios angrenaj ce dep\u0103\u0219e\u0219te grani\u021bele pragmatismului, evolu\u00e2nd \u00een spa\u021biul sideral \u0219i irizat al con\u0219tiin\u021bei mi-a st\u00e2rnit &hellip; <a href=\"https:\/\/www.edituraunmb.ro\/?product=sonatele-pentru-vioara-solo-de-johann-sebastian-bach\" style=\"padding-left:10px;\">Mai multe detalii<\/a><\/p>\n","protected":false},"featured_media":1697,"comment_status":"closed","ping_status":"closed","template":"","meta":{"_acf_changed":false},"product_brand":[],"product_cat":[815],"product_tag":[817,719,610],"class_list":{"0":"post-1695","1":"product","2":"type-product","3":"status-publish","4":"has-post-thumbnail","6":"product_cat-815","7":"product_tag-bach","8":"product_tag-sonate","9":"product_tag-vioara","10":"p_author-alexandru-tomescu","11":"t_lucrare-carte","13":"first","14":"instock","15":"shipping-taxable","16":"product-type-simple"},"acf":[],"_links":{"self":[{"href":"https:\/\/www.edituraunmb.ro\/index.php?rest_route=\/wp\/v2\/product\/1695","targetHints":{"allow":["GET"]}}],"collection":[{"href":"https:\/\/www.edituraunmb.ro\/index.php?rest_route=\/wp\/v2\/product"}],"about":[{"href":"https:\/\/www.edituraunmb.ro\/index.php?rest_route=\/wp\/v2\/types\/product"}],"replies":[{"embeddable":true,"href":"https:\/\/www.edituraunmb.ro\/index.php?rest_route=%2Fwp%2Fv2%2Fcomments&post=1695"}],"wp:featuredmedia":[{"embeddable":true,"href":"https:\/\/www.edituraunmb.ro\/index.php?rest_route=\/wp\/v2\/media\/1697"}],"wp:attachment":[{"href":"https:\/\/www.edituraunmb.ro\/index.php?rest_route=%2Fwp%2Fv2%2Fmedia&parent=1695"}],"wp:term":[{"taxonomy":"product_brand","embeddable":true,"href":"https:\/\/www.edituraunmb.ro\/index.php?rest_route=%2Fwp%2Fv2%2Fproduct_brand&post=1695"},{"taxonomy":"product_cat","embeddable":true,"href":"https:\/\/www.edituraunmb.ro\/index.php?rest_route=%2Fwp%2Fv2%2Fproduct_cat&post=1695"},{"taxonomy":"product_tag","embeddable":true,"href":"https:\/\/www.edituraunmb.ro\/index.php?rest_route=%2Fwp%2Fv2%2Fproduct_tag&post=1695"}],"curies":[{"name":"wp","href":"https:\/\/api.w.org\/{rel}","templated":true}]}}