{"id":1723,"date":"2021-12-08T14:30:30","date_gmt":"2021-12-08T11:30:30","guid":{"rendered":"http:\/\/www.edituraunmb.ro\/?post_type=product&#038;p=1723"},"modified":"2024-02-08T14:41:19","modified_gmt":"2024-02-08T11:41:19","slug":"generatia-de-aur-a-avangardei-muzicale-romanesti","status":"publish","type":"product","link":"https:\/\/www.edituraunmb.ro\/?product=generatia-de-aur-a-avangardei-muzicale-romanesti","title":{"rendered":"Genera\u021bia de aur a avangardei muzicale rom\u00e2ne\u0219ti"},"content":{"rendered":"<h5>Volumul de fa\u021b\u0103 cuprinde studii de muzicologie centrate pe fenomenul muzicii rom\u00e2ne\u0219ti moderne \u0219i contemporane. El face parte din proiectul <em>Arhiva rom\u00e2n\u0103 a avangardei muzicale \/ Romanian Archive of the Musical-Avantgarde<\/em> (pe scurt, proiectul RAMA), sus\u021binut de Universitatea Na\u021bional\u0103 de Muzic\u0103 Bucure\u0219ti \u0219i de CNFIS prin Fondul de Dezvoltare Institu\u021bional\u0103.<\/h5>\n<h5 class=\"noindent\">Nu \u00eent\u00e2mpl\u0103tor, titlul ales, relu\u00e2nd o sintagm\u0103 familiar\u0103 \u00een ultimii ani, puncteaz\u0103 altitudinea atins\u0103 de o genera\u021bie de compozitori activi dup\u0103 anii &#8217;50. Firele stilistice o leag\u0103 \u00een subtile continuit\u0103\u021bi de tradi\u021bie, \u00een acela\u0219i timp arat\u0103 o superb\u0103 originalitate cl\u0103dit\u0103 pe \u00eendr\u0103zneala inovatoare \u00een concordan\u021b\u0103 cu spiritul contemporaneit\u0103\u021bii. C\u00e2\u021biva reprezentan\u021bi ai acestei genera\u021bii sunt cuprin\u0219i \u00een aceast\u0103 carte: Pascal Bentoiu, Wilhelm Georg Berger, Dumitru Capoianu, \u0218tefan Niculescu, Tiberiu Olah, Aurel Stroe, Anatol Vieru.<\/h5>\n<h5 class=\"noindent\">Cei \u0219apte autori care semneaz\u0103 studiile se apleac\u0103 asupra c\u00e2torva elemente definitorii ale opusurilor compozitorilor men\u021biona\u021bi. (Antigona R\u0103dulescu)<\/h5>\n","protected":false},"excerpt":{"rendered":"<p>de Antigona R\u0103dulescu (editor) <a href=\"https:\/\/www.edituraunmb.ro\/?product=generatia-de-aur-a-avangardei-muzicale-romanesti\" style=\"padding-left:10px;\">Mai multe detalii<\/a><\/p>\n","protected":false},"featured_media":1725,"comment_status":"closed","ping_status":"closed","template":"","meta":{"_acf_changed":false},"product_brand":[],"product_cat":[815],"product_tag":[845,835,760,712],"class_list":{"0":"post-1723","1":"product","2":"type-product","3":"status-publish","4":"has-post-thumbnail","6":"product_cat-815","7":"product_tag-avangarda","8":"product_tag-muzica-contemporana","9":"product_tag-muzica-moderna","10":"product_tag-muzicologie","11":"p_author-benedicta-pavel","12":"p_author-bogdan-pintilie","13":"p_author-dan-dediu","14":"p_author-desiela-ion","15":"p_author-florin-neagoe","16":"p_author-olguta-lupu","17":"p_author-valentina-sandu-dediu","18":"t_lucrare-carte","20":"first","21":"instock","22":"shipping-taxable","23":"product-type-simple"},"acf":[],"_links":{"self":[{"href":"https:\/\/www.edituraunmb.ro\/index.php?rest_route=\/wp\/v2\/product\/1723","targetHints":{"allow":["GET"]}}],"collection":[{"href":"https:\/\/www.edituraunmb.ro\/index.php?rest_route=\/wp\/v2\/product"}],"about":[{"href":"https:\/\/www.edituraunmb.ro\/index.php?rest_route=\/wp\/v2\/types\/product"}],"replies":[{"embeddable":true,"href":"https:\/\/www.edituraunmb.ro\/index.php?rest_route=%2Fwp%2Fv2%2Fcomments&post=1723"}],"wp:featuredmedia":[{"embeddable":true,"href":"https:\/\/www.edituraunmb.ro\/index.php?rest_route=\/wp\/v2\/media\/1725"}],"wp:attachment":[{"href":"https:\/\/www.edituraunmb.ro\/index.php?rest_route=%2Fwp%2Fv2%2Fmedia&parent=1723"}],"wp:term":[{"taxonomy":"product_brand","embeddable":true,"href":"https:\/\/www.edituraunmb.ro\/index.php?rest_route=%2Fwp%2Fv2%2Fproduct_brand&post=1723"},{"taxonomy":"product_cat","embeddable":true,"href":"https:\/\/www.edituraunmb.ro\/index.php?rest_route=%2Fwp%2Fv2%2Fproduct_cat&post=1723"},{"taxonomy":"product_tag","embeddable":true,"href":"https:\/\/www.edituraunmb.ro\/index.php?rest_route=%2Fwp%2Fv2%2Fproduct_tag&post=1723"}],"curies":[{"name":"wp","href":"https:\/\/api.w.org\/{rel}","templated":true}]}}