{"id":1764,"date":"2023-12-15T18:57:06","date_gmt":"2023-12-15T15:57:06","guid":{"rendered":"http:\/\/www.edituraunmb.ro\/?post_type=product&#038;p=1764"},"modified":"2024-03-12T16:53:32","modified_gmt":"2024-03-12T13:53:32","slug":"in-memoriam-radu-lupu","status":"publish","type":"product","link":"https:\/\/www.edituraunmb.ro\/?product=in-memoriam-radu-lupu","title":{"rendered":"In memoriam Radu Lupu"},"content":{"rendered":"<p>Dup\u0103 ce au dedicat ani buni cercet\u0103rii re\u00eennoite asupra lui Dinu Lipatti \u0219i descoperirii de surse inedite despre via\u021ba \u0219i \u00eenregistr\u0103rile marelui pianist rom\u00e2n, Monica Lup \u0219i \u0218tefan Costache \u00ee\u0219i reiau calitatea de coordonatori ai unui volum pe c\u00e2t de pre\u021bios, pe at\u00e2t de emo\u021bionant, av\u00e2ndu-l \u00een prim plan pe Radu Lupu.<br \/>\nMenirea unei prefe\u021be de carte ar fi aceea de a prezenta, a explica, uneori a analiza con\u021binutul c\u0103ruia i se anexeaz\u0103. \u00cen acest caz, misiunea pare imposibil\u0103, dat fiind c\u0103 evoc\u0103rile (din interviurile \u0219i alte tipuri de texte cuprinse aici) nu sunt simple eseuri, ci eman\u0103 o admira\u021bie uria\u0219\u0103 a tuturor semnatarilor care construiesc portretul complex al unui pianist f\u0103r\u0103 pereche. Sunt reliefate, cum era de a\u0219teptat, tr\u0103s\u0103turile personalit\u0103\u021bii sale \u0219i, cel mai adesea, c\u00e2ntul \u0219i sunetul s\u0103u pianistic, ba chiar am putea desprinde (indirect) un soi de mic tratat informal de interpretare (&#8230;). Majoritatea arti\u0219tilor intervieva\u021bi vorbesc despre unicitatea sonorit\u0103\u021bii pianului, despre magia sonor\u0103 creat\u0103 \u00een sala de concert, care putea s\u0103 suspende timpul \u0219i s\u0103 transporte auditoriul \u00eentr-o zon\u0103 transcendent\u0103, de nedescris. (Valentina Sandu-Dediu)<\/p>\n<p class=\"noindent\">\u00cen momentele \u00eenc\u0103rcate de emo\u021bie ce au urmat afl\u0103rii ve\u0219tii c\u0103 pianistul Radu Lupu s-a stins din via\u021b\u0103, \u00een 2022, din dorin\u021ba de a ne p\u0103stra c\u00e2t mai aproape de magia acestui artist inegalabil \u0219i de a recupera c\u00e2t mai mult din misterul apari\u021biilor sale artistice, s-a n\u0103scut ideea volumului de fa\u021b\u0103. La baza actualului demers a stat, de asemenea, convingerea c\u0103 pentru ca legenda Radu Lupu s\u0103 continue s\u0103 tr\u0103iasc\u0103, ea are nevoie de m\u0103rturiile celor care l-au cunoscut \u00eendeaproape pe artist, \u00een calitate de colegi, prieteni \u0219i colaboratori, i-au \u00een\u021beles filozofia de via\u021b\u0103, g\u00e2ndirea muzical\u0103, i-au fost al\u0103turi \u00een momentele fericite ori dificile ale carierei sale. Calit\u0103\u021bile exemplare ale artistului, \u00een primul r\u00e2nd discre\u021bia \u0219i modestia, l-au f\u0103cut s\u0103 ia decizia de a nu sta de vorb\u0103 cu presa; aceast\u0103 atitudine singular\u0103, respectat\u0103 \u0219i chiar pre\u021buit\u0103, \u00eens\u0103, nu trebuie s\u0103 impieteze asupra memoriei acestui artist unic, a\u0219a cum o lume \u00eentreag\u0103 l-a perceput \u00een timpul vie\u021bii pe Radu Lupu. (Monica Lup \u0219i \u0218tefan Costache)<\/p>\n","protected":false},"excerpt":{"rendered":"<p class=\"noindent\">Cu o prefa\u021b\u0103 de Valentina Sandu-Dediu<br \/>\nVolum bilingv \u00eengrijit de Monica Lup \u0219i \u0218tefan Costache<\/p>\n<p>&nbsp; <a href=\"https:\/\/www.edituraunmb.ro\/?product=in-memoriam-radu-lupu\" style=\"padding-left:10px;\">Mai multe detalii<\/a><\/p>\n","protected":false},"featured_media":1766,"comment_status":"closed","ping_status":"closed","template":"","meta":{"_acf_changed":false},"product_brand":[],"product_cat":[830],"product_tag":[863,923,924,93],"class_list":{"0":"post-1764","1":"product","2":"type-product","3":"status-publish","4":"has-post-thumbnail","6":"product_cat-830","7":"product_tag-interpretare","8":"product_tag-interviu","9":"product_tag-memorii","10":"product_tag-pian","11":"p_author-anca-ioana-andriescu","12":"p_author-andreea-kiseleff","13":"p_author-cristina-garbea","14":"p_author-florica-jalba","15":"p_author-ioana-marghita","16":"p_author-larisa-clempus","17":"p_author-maria-monica-bojin","18":"p_author-marina-nedelcu","19":"p_author-mark-ainley","20":"p_author-mihai-cojocaru","21":"p_author-monica-lup","22":"p_author-petre-fugaciu","23":"p_author-stefan-costache","24":"p_author-steven-isserlis","25":"p_author-valentina-sandu-dediu","26":"t_lucrare-carte","28":"first","29":"instock","30":"shipping-taxable","31":"product-type-simple"},"acf":[],"_links":{"self":[{"href":"https:\/\/www.edituraunmb.ro\/index.php?rest_route=\/wp\/v2\/product\/1764","targetHints":{"allow":["GET"]}}],"collection":[{"href":"https:\/\/www.edituraunmb.ro\/index.php?rest_route=\/wp\/v2\/product"}],"about":[{"href":"https:\/\/www.edituraunmb.ro\/index.php?rest_route=\/wp\/v2\/types\/product"}],"replies":[{"embeddable":true,"href":"https:\/\/www.edituraunmb.ro\/index.php?rest_route=%2Fwp%2Fv2%2Fcomments&post=1764"}],"wp:featuredmedia":[{"embeddable":true,"href":"https:\/\/www.edituraunmb.ro\/index.php?rest_route=\/wp\/v2\/media\/1766"}],"wp:attachment":[{"href":"https:\/\/www.edituraunmb.ro\/index.php?rest_route=%2Fwp%2Fv2%2Fmedia&parent=1764"}],"wp:term":[{"taxonomy":"product_brand","embeddable":true,"href":"https:\/\/www.edituraunmb.ro\/index.php?rest_route=%2Fwp%2Fv2%2Fproduct_brand&post=1764"},{"taxonomy":"product_cat","embeddable":true,"href":"https:\/\/www.edituraunmb.ro\/index.php?rest_route=%2Fwp%2Fv2%2Fproduct_cat&post=1764"},{"taxonomy":"product_tag","embeddable":true,"href":"https:\/\/www.edituraunmb.ro\/index.php?rest_route=%2Fwp%2Fv2%2Fproduct_tag&post=1764"}],"curies":[{"name":"wp","href":"https:\/\/api.w.org\/{rel}","templated":true}]}}