{"id":1789,"date":"2021-12-15T16:27:00","date_gmt":"2021-12-15T13:27:00","guid":{"rendered":"http:\/\/www.edituraunmb.ro\/?post_type=product&#038;p=1789"},"modified":"2024-02-16T12:03:01","modified_gmt":"2024-02-16T09:03:01","slug":"concert-pentru-violoncel-si-orchestra-op-167","status":"publish","type":"product","link":"https:\/\/www.edituraunmb.ro\/?product=concert-pentru-violoncel-si-orchestra-op-167","title":{"rendered":"Concert pentru violoncel \u0219i orchestr\u0103 op. 167"},"content":{"rendered":"<p>Cele patru p\u0103r\u021bi ale<em> Concertului pentru violoncel \u0219i orchestr\u0103<\/em> realizeaz\u0103 o c\u0103l\u0103torie muzical\u0103 divers\u0103 \u0219i surprinz\u0103toare, \u00een care solistul este supus mai multor probe, ca \u00eentr-un ritual ini\u021biatic amintind de <em>Flautul fermecat<\/em> al lui Mozart: 1. proba apei, a eroismului \u0219i a virtuozit\u0103\u021bii; 2. proba aerului, a medita\u021biei, a dansului \u0219i a pasiunii. Purt\u00e2nd c\u00e2te un nume emblematic, cele patru p\u0103r\u021bi ale concertului (1. <em>Vigor<\/em>, 2. <em>Shrapnel-Melodies<\/em>, 3. <em>Secret Requiem<\/em>, 4. <em>Romanian Pulp Dances<\/em>) conjur\u0103 diferite for\u021be insonore pe care le exprim\u0103 muzical prin intermediul unor \u201erune\u201d tematice (runa Vigor \u0219i runa Portal), a unor teme (tema de roman\u021b\u0103, tema coralului de patru corni), a unor personaje tematico-ritmice (spiridu\u0219ul, demonul, c\u00e2inele \u0219i F\u0103t-Frumos) \u0219i a multor \u201e\u00eent\u00e2mpl\u0103ri\u201d sonore ce pur \u0219i simplu \u00ee\u0219i fac loc \u0219i \u00ee\u0219i cer dreptul la existen\u021b\u0103. La fel ca \u00een via\u021b\u0103, \u00een acest concert totul este deschis interpret\u0103rii. Solistul, ca \u0219i orchestra, are libertatea de a g\u0103si rostul muzicii dup\u0103 cum \u00eei este felul. \u00cen acest sens, pot spune c\u0103 am scris o muzic\u0103 ce se \u00eentoarce dup\u0103 interpret, asemenea florilor numite Floarea Soarelui, care se \u00eentorc dup\u0103 soare. Lucrarea a fost o comand\u0103 a Filarmonicii Altenburg-Gera \u0219i a fost prezentat\u0103 \u00een prim\u0103 audi\u021bie \u00een data de 22 octombrie 2019 la Gera (Germania), solist fiind Mircea Marian, iar dirijor Lutz Rademacher. (Dan Dediu)<\/p>\n","protected":false},"excerpt":{"rendered":"<p>Cele patru p\u0103r\u021bi ale Concertului pentru violoncel \u0219i orchestr\u0103 realizeaz\u0103 o c\u0103l\u0103torie muzical\u0103 divers\u0103 \u0219i surprinz\u0103toare, \u00een care solistul este supus mai multor probe, ca \u00eentr-un ritual ini\u021biatic amintind de Flautul fermecat al lui Mozart: 1. proba apei, a eroismului &hellip; <a href=\"https:\/\/www.edituraunmb.ro\/?product=concert-pentru-violoncel-si-orchestra-op-167\" style=\"padding-left:10px;\">Mai multe detalii<\/a><\/p>\n","protected":false},"featured_media":1790,"comment_status":"closed","ping_status":"closed","template":"","meta":{"_acf_changed":false},"product_brand":[],"product_cat":[815],"product_tag":[680,113,952],"class_list":{"0":"post-1789","1":"product","2":"type-product","3":"status-publish","4":"has-post-thumbnail","6":"product_cat-815","7":"product_tag-cello","8":"product_tag-muzica-romaneasca","9":"product_tag-orchestra","10":"p_author-dan-dediu","11":"t_lucrare-partitura","13":"first","14":"instock","15":"shipping-taxable","16":"product-type-simple"},"acf":[],"_links":{"self":[{"href":"https:\/\/www.edituraunmb.ro\/index.php?rest_route=\/wp\/v2\/product\/1789","targetHints":{"allow":["GET"]}}],"collection":[{"href":"https:\/\/www.edituraunmb.ro\/index.php?rest_route=\/wp\/v2\/product"}],"about":[{"href":"https:\/\/www.edituraunmb.ro\/index.php?rest_route=\/wp\/v2\/types\/product"}],"replies":[{"embeddable":true,"href":"https:\/\/www.edituraunmb.ro\/index.php?rest_route=%2Fwp%2Fv2%2Fcomments&post=1789"}],"wp:featuredmedia":[{"embeddable":true,"href":"https:\/\/www.edituraunmb.ro\/index.php?rest_route=\/wp\/v2\/media\/1790"}],"wp:attachment":[{"href":"https:\/\/www.edituraunmb.ro\/index.php?rest_route=%2Fwp%2Fv2%2Fmedia&parent=1789"}],"wp:term":[{"taxonomy":"product_brand","embeddable":true,"href":"https:\/\/www.edituraunmb.ro\/index.php?rest_route=%2Fwp%2Fv2%2Fproduct_brand&post=1789"},{"taxonomy":"product_cat","embeddable":true,"href":"https:\/\/www.edituraunmb.ro\/index.php?rest_route=%2Fwp%2Fv2%2Fproduct_cat&post=1789"},{"taxonomy":"product_tag","embeddable":true,"href":"https:\/\/www.edituraunmb.ro\/index.php?rest_route=%2Fwp%2Fv2%2Fproduct_tag&post=1789"}],"curies":[{"name":"wp","href":"https:\/\/api.w.org\/{rel}","templated":true}]}}