{"id":1801,"date":"2022-02-16T12:19:34","date_gmt":"2022-02-16T09:19:34","guid":{"rendered":"http:\/\/www.edituraunmb.ro\/?post_type=product&#038;p=1801"},"modified":"2024-02-16T12:34:56","modified_gmt":"2024-02-16T09:34:56","slug":"fatum","status":"publish","type":"product","link":"https:\/\/www.edituraunmb.ro\/?product=fatum","title":{"rendered":"Fatum"},"content":{"rendered":"<p>Lucrarea <em>Fatum<\/em> pentru familie de clarinete a fost scris\u0103 pentru forma\u021bia <em>Clarino<\/em> a Universit\u0103\u021bii Na\u021bionale de Muzic\u0103 din Bucure\u0219ti, condus\u0103 de Emil Vi\u0219enescu. Este bazat\u0103 pe celebrul motiv emblematic de patru sunete al Simfoniei a V-a de Ludwig van Beethoven, de unde \u0219i titlul aluziv al lucr\u0103rii.<br \/>\nScris\u0103 sub forma unui <em>divertisment<\/em>, muzica \u2013 constituit\u0103 \u00een cea mai mare parte pe motivul beethovenian \u00een ipostaze variate \u2013 se \u00eentretaie cu fragmente de inspira\u021bie personal\u0103, fie aluzive provenite din repertoriul general beethovenian, fie din folclorul urban \u0219i sub-urban al Bucure\u0219tilor de alt\u0103dat\u0103.<br \/>\nLucrarea a fost premiat\u0103 de Institutul Goethe din Bucure\u0219ti cu ocazia aniversarii bicentenarului na\u0219terii lui Beethoven. (Nicolae Br\u00e2ndu\u0219)<\/p>\n","protected":false},"excerpt":{"rendered":"<p>pentru familie de clarinete<\/p>\n<p>&nbsp; <a href=\"https:\/\/www.edituraunmb.ro\/?product=fatum\" style=\"padding-left:10px;\">Mai multe detalii<\/a><\/p>\n","protected":false},"featured_media":1802,"comment_status":"closed","ping_status":"closed","template":"","meta":{"_acf_changed":false},"product_brand":[],"product_cat":[821],"product_tag":[960,961,113],"class_list":{"0":"post-1801","1":"product","2":"type-product","3":"status-publish","4":"has-post-thumbnail","6":"product_cat-821","7":"product_tag-clarinet","8":"product_tag-fatum","9":"product_tag-muzica-romaneasca","10":"p_author-nicolae-brandus","11":"t_lucrare-partitura","13":"first","14":"instock","15":"shipping-taxable","16":"product-type-simple"},"acf":[],"_links":{"self":[{"href":"https:\/\/www.edituraunmb.ro\/index.php?rest_route=\/wp\/v2\/product\/1801","targetHints":{"allow":["GET"]}}],"collection":[{"href":"https:\/\/www.edituraunmb.ro\/index.php?rest_route=\/wp\/v2\/product"}],"about":[{"href":"https:\/\/www.edituraunmb.ro\/index.php?rest_route=\/wp\/v2\/types\/product"}],"replies":[{"embeddable":true,"href":"https:\/\/www.edituraunmb.ro\/index.php?rest_route=%2Fwp%2Fv2%2Fcomments&post=1801"}],"wp:featuredmedia":[{"embeddable":true,"href":"https:\/\/www.edituraunmb.ro\/index.php?rest_route=\/wp\/v2\/media\/1802"}],"wp:attachment":[{"href":"https:\/\/www.edituraunmb.ro\/index.php?rest_route=%2Fwp%2Fv2%2Fmedia&parent=1801"}],"wp:term":[{"taxonomy":"product_brand","embeddable":true,"href":"https:\/\/www.edituraunmb.ro\/index.php?rest_route=%2Fwp%2Fv2%2Fproduct_brand&post=1801"},{"taxonomy":"product_cat","embeddable":true,"href":"https:\/\/www.edituraunmb.ro\/index.php?rest_route=%2Fwp%2Fv2%2Fproduct_cat&post=1801"},{"taxonomy":"product_tag","embeddable":true,"href":"https:\/\/www.edituraunmb.ro\/index.php?rest_route=%2Fwp%2Fv2%2Fproduct_tag&post=1801"}],"curies":[{"name":"wp","href":"https:\/\/api.w.org\/{rel}","templated":true}]}}