{"id":1952,"date":"2023-01-17T14:30:42","date_gmt":"2023-01-17T11:30:42","guid":{"rendered":"http:\/\/www.edituraunmb.ro\/?post_type=product&#038;p=1952"},"modified":"2024-05-17T14:50:23","modified_gmt":"2024-05-17T11:50:23","slug":"himere-concert-pentru-vioara-si-orchestra","status":"publish","type":"product","link":"https:\/\/www.edituraunmb.ro\/?product=himere-concert-pentru-vioara-si-orchestra","title":{"rendered":"Himere. Concert pentru vioar\u0103 \u0219i orchestr\u0103"},"content":{"rendered":"<h5><em>Himere<\/em> pentru vioar\u0103 \u0219i orchestr\u0103 (2020) a fost o comand\u0103 a Uniunii Compozitorilor \u0219i Muzicologilor din Rom\u00e2nia cu ocazia s\u0103rb\u0103toririi Centenarului \u00eenfiin\u021b\u0103rii acestei institu\u021bii.<\/h5>\n<h5>Lucrarea este inspirat\u0103 din ciclul <em>Himerelor<\/em> apar\u021bin\u00e2nd sculptorului rom\u00e2n Dimitrie Paciurea (1875-1932). \u00cen crea\u021bia lui Paciurea, <em>Himerele<\/em> reprezint\u0103 viziuni inedite proiectate \u00een miraculos, \u00een fantastic, iar titlurile lor trimit at\u00e2t la mitologiile str\u0103vechi, c\u00e2t \u0219i la simbolurile primare, universale, \u00eenc\u0103rcate cu semnifica\u021bii filozofice \u0219i poetice, reprezent\u00e2nd proiec\u021bii ale universului oniric, evadare \u00een fabula\u021bie \u0219i stranietate. Fiin\u021b\u0103 imaginar\u0103 sau n\u0103luc\u0103, iluzie, \u201eHimera\u201d apar\u021bine oniricului, visului, fanteziei, at\u00e2t de apropiate de imaginile sugerate de crea\u021biile muzicale.<\/h5>\n<h5>Lucrarea este dedicat\u0103 violonistei Diana Mo\u0219. (Doina Rotaru)<\/h5>\n","protected":false},"excerpt":{"rendered":"<p>Himere pentru vioar\u0103 \u0219i orchestr\u0103 (2020) a fost o comand\u0103 a Uniunii Compozitorilor \u0219i Muzicologilor din Rom\u00e2nia cu ocazia s\u0103rb\u0103toririi Centenarului \u00eenfiin\u021b\u0103rii acestei institu\u021bii. Lucrarea este inspirat\u0103 din ciclul Himerelor apar\u021bin\u00e2nd sculptorului rom\u00e2n Dimitrie Paciurea (1875-1932). \u00cen crea\u021bia lui Paciurea, &hellip; <a href=\"https:\/\/www.edituraunmb.ro\/?product=himere-concert-pentru-vioara-si-orchestra\" style=\"padding-left:10px;\">Mai multe detalii<\/a><\/p>\n","protected":false},"featured_media":1955,"comment_status":"closed","ping_status":"closed","template":"","meta":{"_acf_changed":false},"product_brand":[],"product_cat":[821],"product_tag":[853,113,952,610],"class_list":{"0":"post-1952","1":"product","2":"type-product","3":"status-publish","4":"has-post-thumbnail","6":"product_cat-821","7":"product_tag-concert","8":"product_tag-muzica-romaneasca","9":"product_tag-orchestra","10":"product_tag-vioara","11":"p_author-doina-rotaru","12":"t_lucrare-partitura","14":"first","15":"instock","16":"shipping-taxable","17":"product-type-simple"},"acf":[],"_links":{"self":[{"href":"https:\/\/www.edituraunmb.ro\/index.php?rest_route=\/wp\/v2\/product\/1952","targetHints":{"allow":["GET"]}}],"collection":[{"href":"https:\/\/www.edituraunmb.ro\/index.php?rest_route=\/wp\/v2\/product"}],"about":[{"href":"https:\/\/www.edituraunmb.ro\/index.php?rest_route=\/wp\/v2\/types\/product"}],"replies":[{"embeddable":true,"href":"https:\/\/www.edituraunmb.ro\/index.php?rest_route=%2Fwp%2Fv2%2Fcomments&post=1952"}],"wp:featuredmedia":[{"embeddable":true,"href":"https:\/\/www.edituraunmb.ro\/index.php?rest_route=\/wp\/v2\/media\/1955"}],"wp:attachment":[{"href":"https:\/\/www.edituraunmb.ro\/index.php?rest_route=%2Fwp%2Fv2%2Fmedia&parent=1952"}],"wp:term":[{"taxonomy":"product_brand","embeddable":true,"href":"https:\/\/www.edituraunmb.ro\/index.php?rest_route=%2Fwp%2Fv2%2Fproduct_brand&post=1952"},{"taxonomy":"product_cat","embeddable":true,"href":"https:\/\/www.edituraunmb.ro\/index.php?rest_route=%2Fwp%2Fv2%2Fproduct_cat&post=1952"},{"taxonomy":"product_tag","embeddable":true,"href":"https:\/\/www.edituraunmb.ro\/index.php?rest_route=%2Fwp%2Fv2%2Fproduct_tag&post=1952"}],"curies":[{"name":"wp","href":"https:\/\/api.w.org\/{rel}","templated":true}]}}