{"id":2087,"date":"2024-09-29T16:42:37","date_gmt":"2024-09-29T13:42:37","guid":{"rendered":"http:\/\/www.edituraunmb.ro\/?post_type=product&#038;p=2087"},"modified":"2025-06-03T15:56:08","modified_gmt":"2025-06-03T12:56:08","slug":"drumul-emigrarii-povestea-diasporei-componistice-romanesti-din-franta-reconstituita-din-arhive-comuniste","status":"publish","type":"product","link":"https:\/\/www.edituraunmb.ro\/?product=drumul-emigrarii-povestea-diasporei-componistice-romanesti-din-franta-reconstituita-din-arhive-comuniste","title":{"rendered":"Drumul emigr\u0103rii. Povestea diasporei componistice rom\u00e2ne\u0219ti din Fran\u021ba, reconstituit\u0103 din arhive comuniste"},"content":{"rendered":"<p>Volumul semnat de Ana Diaconu te acapareaz\u0103 \u0219i te \u00eendeamn\u0103 s\u0103-l parcurgi p\u00e2n\u0103 la final cu aceea\u0219i<br \/>\ncuriozitate \u0219i intensitate a lecturii. Se \u00eentre\u021bes mai multe fa\u021bete ale unui traseu temporal care a caracterizat<br \/>\nRom\u00e2nia \u00een perioada comunist\u0103 \u0219i efectele sale asupra unora din muzicienii grupa\u021bi generic \u00een diaspora din<br \/>\nFran\u021ba celei de a doua jum\u0103t\u0103\u021bi a secolului XX. F\u0103r\u0103 urm\u0103 de \u00eendoial\u0103, autoarea se \u00eenscrie pe un nou drum \u00een<br \/>\nmuzicologia rom\u00e2neasc\u0103, unul modern, necesar, al c\u0103rui scop este \u00een\u021belegerea just\u0103, matur\u0103, echilibrat\u0103 a<br \/>\nunui trecut nu foarte \u00eendep\u0103rtat, \u00een acela\u0219i timp problematic. Subiectul \u00een sine este ofertant, iar calea de<br \/>\nsus\u021binere a nara\u021biunii, limpede \u00een aventurosul efort de orientare \u00een labirintul c\u0103ut\u0103rilor.<br \/>\n(Antigona R\u0103dulescu)<\/p>\n<h5>Rescrierea istoriei unor perioade totalitare este un drum complicat, sinuos \u0219i spinos. Corectarea \u0219i<br \/>\nrepozi\u021bionarea unor lucruri c\u00e2ndva voit denaturate se traduc \u00eentr-un proces nu doar binevenit, ci \u0219i<br \/>\nobligatoriu. C\u00e2nd o astfel de sarcin\u0103 este asumat\u0103 de un specialist ale c\u0103rui afirma\u021bii se bazeaz\u0103 pe surse<br \/>\nistorice privite lucid \u0219i obiectiv, problema \u00eencepe s\u0103 capete limpezime. Cartea Anei Diaconu pleac\u0103 \u00eentocmai<br \/>\nde pe aceast\u0103 pozi\u021bie: o t\u00e2n\u0103r\u0103, dar experimentat\u0103 cercet\u0103toare se \u00eendreapt\u0103 spre o frac\u021biune din trecutul<br \/>\nmuzical rom\u00e2nesc nu foarte \u00eendep\u0103rtat, pe care caut\u0103 s\u0103 o reconstruiasc\u0103 plec\u00e2nd de la diverse dovezi de<br \/>\narhiv\u0103. O lectur\u0103 captivant\u0103 \u0219i necesar\u0103.<br \/>\n(Oana Andreica)<\/h5>\n<h6><\/h6>\n<p>&nbsp;<\/p>\n<h5>O cercetare c\u00e2t se poate de autentic\u0103, util\u0103 dincolo de nivelul al treilea al studiilor universitare, util\u0103 breslei<br \/>\nmuzicienilor, dar nu numai, ci \u0219i oric\u0103rui cititor interesat de realit\u0103\u021bile \u0219i evolu\u021bia artistic\u0103 \u0219i uman\u0103 a acelei<br \/>\nperioade, precum \u0219i de triumful crea\u021biei artistice rom\u00e2ne\u0219ti, de valoare, \u00een pofida contextului at\u00e2t de<br \/>\nneprielnic. Capitolele se \u00eenl\u0103n\u021buie firesc, demersul se opre\u0219te atunci \u0219i acolo unde trebuie, nimic nu pare<br \/>\nad\u0103ugat de prisos, nimic nu pare s\u0103 fi fost expediat \u00een grab\u0103 sau superficial.<br \/>\n(Cristian Bence-Muk)<\/h5>\n","protected":false},"excerpt":{"rendered":"<p>Volumul semnat de Ana Diaconu te acapareaz\u0103 \u0219i te \u00eendeamn\u0103 s\u0103-l parcurgi p\u00e2n\u0103 la final cu aceea\u0219i curiozitate \u0219i intensitate a lecturii. Se \u00eentre\u021bes mai multe fa\u021bete ale unui traseu temporal care a caracterizat Rom\u00e2nia \u00een perioada comunist\u0103 \u0219i efectele &hellip; <a href=\"https:\/\/www.edituraunmb.ro\/?product=drumul-emigrarii-povestea-diasporei-componistice-romanesti-din-franta-reconstituita-din-arhive-comuniste\" style=\"padding-left:10px;\">Mai multe detalii<\/a><\/p>\n","protected":false},"featured_media":2089,"comment_status":"closed","ping_status":"closed","template":"","meta":{"_acf_changed":false},"product_brand":[],"product_cat":[1004],"product_tag":[1007,1005,1006],"class_list":{"0":"post-2087","1":"product","2":"type-product","3":"status-publish","4":"has-post-thumbnail","6":"product_cat-1004","7":"product_tag-arhive","8":"product_tag-compozitori","9":"product_tag-diaspora","10":"p_author-ana-diaconu","11":"t_lucrare-carte","13":"first","14":"instock","15":"featured","16":"shipping-taxable","17":"product-type-simple"},"acf":[],"_links":{"self":[{"href":"https:\/\/www.edituraunmb.ro\/index.php?rest_route=\/wp\/v2\/product\/2087","targetHints":{"allow":["GET"]}}],"collection":[{"href":"https:\/\/www.edituraunmb.ro\/index.php?rest_route=\/wp\/v2\/product"}],"about":[{"href":"https:\/\/www.edituraunmb.ro\/index.php?rest_route=\/wp\/v2\/types\/product"}],"replies":[{"embeddable":true,"href":"https:\/\/www.edituraunmb.ro\/index.php?rest_route=%2Fwp%2Fv2%2Fcomments&post=2087"}],"wp:featuredmedia":[{"embeddable":true,"href":"https:\/\/www.edituraunmb.ro\/index.php?rest_route=\/wp\/v2\/media\/2089"}],"wp:attachment":[{"href":"https:\/\/www.edituraunmb.ro\/index.php?rest_route=%2Fwp%2Fv2%2Fmedia&parent=2087"}],"wp:term":[{"taxonomy":"product_brand","embeddable":true,"href":"https:\/\/www.edituraunmb.ro\/index.php?rest_route=%2Fwp%2Fv2%2Fproduct_brand&post=2087"},{"taxonomy":"product_cat","embeddable":true,"href":"https:\/\/www.edituraunmb.ro\/index.php?rest_route=%2Fwp%2Fv2%2Fproduct_cat&post=2087"},{"taxonomy":"product_tag","embeddable":true,"href":"https:\/\/www.edituraunmb.ro\/index.php?rest_route=%2Fwp%2Fv2%2Fproduct_tag&post=2087"}],"curies":[{"name":"wp","href":"https:\/\/api.w.org\/{rel}","templated":true}]}}

Drumul emigrării. Povestea diasporei componistice românești din Franța, reconstituită din arhive comuniste

<p>Volumul semnat de Ana Diaconu te acaparează și te îndeamnă să-l parcurgi până la final cu aceeași<br />
curiozitate și intensitate a lecturii. Se întrețes mai multe fațete ale unui traseu temporal care a caracterizat<br />
România în perioada comunistă și efectele sale asupra unora din muzicienii grupați generic în diaspora din<br />
Franța celei de a doua jumătăți a secolului XX. Fără urmă de îndoială, autoarea se înscrie pe un nou drum în<br />
muzicologia românească, unul modern, necesar, al cărui scop este înțelegerea justă, matură, echilibrată a<br />
unui trecut nu foarte îndepărtat, în același timp problematic. Subiectul în sine este ofertant, iar calea de<br />
susținere a narațiunii, limpede în aventurosul efort de orientare în labirintul căutărilor.<br />
(Antigona Rădulescu)</p>
<h5>Rescrierea istoriei unor perioade totalitare este un drum complicat, sinuos și spinos. Corectarea și<br />
repoziționarea unor lucruri cândva voit denaturate se traduc într-un proces nu doar binevenit, ci și<br />
obligatoriu. Când o astfel de sarcină este asumată de un specialist ale cărui afirmații se bazează pe surse<br />
istorice privite lucid și obiectiv, problema începe să capete limpezime. Cartea Anei Diaconu pleacă întocmai<br />
de pe această poziție: o tânără, dar experimentată cercetătoare se îndreaptă spre o fracțiune din trecutul<br />
muzical românesc nu foarte îndepărtat, pe care caută să o reconstruiască plecând de la diverse dovezi de<br />
arhivă. O lectură captivantă și necesară.<br />
(Oana Andreica)</h5>
<h6></h6>
<p>&nbsp;</p>
<h5>O cercetare cât se poate de autentică, utilă dincolo de nivelul al treilea al studiilor universitare, utilă breslei<br />
muzicienilor, dar nu numai, ci și oricărui cititor interesat de realitățile și evoluția artistică și umană a acelei<br />
perioade, precum și de triumful creației artistice românești, de valoare, în pofida contextului atât de<br />
neprielnic. Capitolele se înlănțuie firesc, demersul se oprește atunci și acolo unde trebuie, nimic nu pare<br />
adăugat de prisos, nimic nu pare să fi fost expediat în grabă sau superficial.<br />
(Cristian Bence-Muk)</h5>

<p>Volumul semnat de Ana Diaconu te acaparează și te îndeamnă să-l parcurgi până la final cu aceeași curiozitate și intensitate a lecturii. Se întrețes mai multe fațete ale unui traseu temporal care a caracterizat România în perioada comunistă și efectele &hellip; <a href="https://www.edituraunmb.ro/?product=drumul-emigrarii-povestea-diasporei-componistice-romanesti-din-franta-reconstituita-din-arhive-comuniste" style="padding-left:10px;">Mai multe detalii</a></p>
