{"id":2097,"date":"2024-03-30T19:01:18","date_gmt":"2024-03-30T16:01:18","guid":{"rendered":"http:\/\/www.edituraunmb.ro\/?post_type=product&#038;p=2097"},"modified":"2025-06-09T10:15:47","modified_gmt":"2025-06-09T07:15:47","slug":"suita-ardeleneasca-pentru-orchestra-1955","status":"publish","type":"product","link":"https:\/\/www.edituraunmb.ro\/?product=suita-ardeleneasca-pentru-orchestra-1955","title":{"rendered":"Suita ardeleneasc\u0103 pentru orchestr\u0103 (1955)"},"content":{"rendered":"<h5>\u00cen anul 1954 am alc\u0103tuit, \u00een cadrul Institutului de folclor din Bucure\u015fti, \u00eempreun\u0103 cu colega mea Rodica Weiss, o colec\u0163ie de 100 de melodii de joc din Ardeal. Pentru aceasta am ascultat \u015fi citit din transcrieri un material mult mai vast, circa 500-600 de melodii. Un an mai t\u00e2rziu alegeam din \u00eentreg c\u00e2teva piese c\u0103rora am c\u0103utat s\u0103 le dau 0 \u00eenve\u015fm\u00e2ntare simfonic\u0103, oarecum \u00een spiritul dansurilor pentru orchestr\u0103 scrise, cam \u00een aceea\u015fi vreme, ori pu\u021bin \u00eenainte, de un Theodor Rogalski, ori un Paul Constantinescu. Genul era mult pre\u021buit \u00een timpul acela \u015fi \u2014 evident \u2014 la imboldul unor astfel de modele am c\u0103utat s\u0103 lucrez c\u00e2t puteam mai bine. C\u0103 decenii mai t\u00e2rziu partitura aceasta de tinere\u021be circul\u0103 \u00eenc\u0103, este desigur un prilej de mul\u021bumire pentru autor, \u00eens\u0103 m\u00e2ndria sa de c\u0103petenie r\u0103m\u00e2ne alegerea \u00eens\u0103\u015fi a temelor, cele mai frumoase \u2014 \u00een opinia sa \u2014 dintre multele cercetate.<\/h5>\n<h5><strong>Pascal Bentoiu<\/strong><\/h5>\n","protected":false},"excerpt":{"rendered":"<p>Edi\u021bie \u00eengrijit\u0103 de Dan Dediu <a href=\"https:\/\/www.edituraunmb.ro\/?product=suita-ardeleneasca-pentru-orchestra-1955\" style=\"padding-left:10px;\">Mai multe detalii<\/a><\/p>\n","protected":false},"featured_media":2099,"comment_status":"closed","ping_status":"closed","template":"","meta":{"_acf_changed":false},"product_brand":[],"product_cat":[830],"product_tag":[952,579],"class_list":{"0":"post-2097","1":"product","2":"type-product","3":"status-publish","4":"has-post-thumbnail","6":"product_cat-830","7":"product_tag-orchestra","8":"product_tag-partitura","9":"p_author-pascal-bentoiu","10":"t_lucrare-partitura","12":"first","13":"instock","14":"shipping-taxable","15":"product-type-simple"},"acf":[],"_links":{"self":[{"href":"https:\/\/www.edituraunmb.ro\/index.php?rest_route=\/wp\/v2\/product\/2097","targetHints":{"allow":["GET"]}}],"collection":[{"href":"https:\/\/www.edituraunmb.ro\/index.php?rest_route=\/wp\/v2\/product"}],"about":[{"href":"https:\/\/www.edituraunmb.ro\/index.php?rest_route=\/wp\/v2\/types\/product"}],"replies":[{"embeddable":true,"href":"https:\/\/www.edituraunmb.ro\/index.php?rest_route=%2Fwp%2Fv2%2Fcomments&post=2097"}],"wp:featuredmedia":[{"embeddable":true,"href":"https:\/\/www.edituraunmb.ro\/index.php?rest_route=\/wp\/v2\/media\/2099"}],"wp:attachment":[{"href":"https:\/\/www.edituraunmb.ro\/index.php?rest_route=%2Fwp%2Fv2%2Fmedia&parent=2097"}],"wp:term":[{"taxonomy":"product_brand","embeddable":true,"href":"https:\/\/www.edituraunmb.ro\/index.php?rest_route=%2Fwp%2Fv2%2Fproduct_brand&post=2097"},{"taxonomy":"product_cat","embeddable":true,"href":"https:\/\/www.edituraunmb.ro\/index.php?rest_route=%2Fwp%2Fv2%2Fproduct_cat&post=2097"},{"taxonomy":"product_tag","embeddable":true,"href":"https:\/\/www.edituraunmb.ro\/index.php?rest_route=%2Fwp%2Fv2%2Fproduct_tag&post=2097"}],"curies":[{"name":"wp","href":"https:\/\/api.w.org\/{rel}","templated":true}]}}