{"id":2284,"date":"2024-01-24T13:54:34","date_gmt":"2024-01-24T10:54:34","guid":{"rendered":"http:\/\/www.edituraunmb.ro\/?post_type=product&#038;p=2284"},"modified":"2025-09-24T14:26:50","modified_gmt":"2025-09-24T11:26:50","slug":"musicology-today-volume-14-jan-dec-2023","status":"publish","type":"product","link":"https:\/\/www.edituraunmb.ro\/?product=musicology-today-volume-14-jan-dec-2023","title":{"rendered":"Musicology Today, Volume 14 (Jan-Dec 2023)"},"content":{"rendered":"<p>Volume 14. Issues 53-56, January-December 2023. Coord. Florinela Popa<\/p>\n<p class=\"noindent\">Studies by: Laura Manolache, Monika J\u00e4ger, Iulia Mogo\u0219an, Michael Heinemann, Harry White, S\u00e9amas de Barra, Olgu\u021ba Lupu, Cristina \u0218uteu, Lavinia Gheorghe, Ivan Moody, C\u0103t\u0103lin Cern\u0103tescu, Melita Milin, Anja Bunzel, Karina \u0218abac, Pauline Fairclough, Phillip Ross Bullock, R\u016bta Stanevi\u010di\u016bt\u0117, Nicolae Gheorghi\u021b\u0103, Antigona R\u0103dulescu.<br \/>\nBook reviews by: Vlad V\u0103idean.<\/p>\n","protected":false},"excerpt":{"rendered":"<p>Volume 14. Issues 53-56, January-December 2023. Coord. Florinela Popa Studies by: Laura Manolache, Monika J\u00e4ger, Iulia Mogo\u0219an, Michael Heinemann, Harry White, S\u00e9amas de Barra, Olgu\u021ba Lupu, Cristina \u0218uteu, Lavinia Gheorghe, Ivan Moody, C\u0103t\u0103lin Cern\u0103tescu, Melita Milin, Anja Bunzel, Karina \u0218abac, &hellip; <a href=\"https:\/\/www.edituraunmb.ro\/?product=musicology-today-volume-14-jan-dec-2023\" style=\"padding-left:10px;\">Mai multe detalii<\/a><\/p>\n","protected":false},"featured_media":2285,"comment_status":"closed","ping_status":"closed","template":"","meta":{"_acf_changed":false},"product_brand":[],"product_cat":[1004],"product_tag":[712,711,710],"class_list":{"0":"post-2284","1":"product","2":"type-product","3":"status-publish","4":"has-post-thumbnail","6":"product_cat-1004","7":"product_tag-muzicologie","8":"product_tag-periodic","9":"product_tag-revista","10":"p_author-volum-colectiv","11":"t_lucrare-musicology-today","13":"first","14":"instock","15":"shipping-taxable","16":"product-type-simple"},"acf":[],"_links":{"self":[{"href":"https:\/\/www.edituraunmb.ro\/index.php?rest_route=\/wp\/v2\/product\/2284","targetHints":{"allow":["GET"]}}],"collection":[{"href":"https:\/\/www.edituraunmb.ro\/index.php?rest_route=\/wp\/v2\/product"}],"about":[{"href":"https:\/\/www.edituraunmb.ro\/index.php?rest_route=\/wp\/v2\/types\/product"}],"replies":[{"embeddable":true,"href":"https:\/\/www.edituraunmb.ro\/index.php?rest_route=%2Fwp%2Fv2%2Fcomments&post=2284"}],"wp:featuredmedia":[{"embeddable":true,"href":"https:\/\/www.edituraunmb.ro\/index.php?rest_route=\/wp\/v2\/media\/2285"}],"wp:attachment":[{"href":"https:\/\/www.edituraunmb.ro\/index.php?rest_route=%2Fwp%2Fv2%2Fmedia&parent=2284"}],"wp:term":[{"taxonomy":"product_brand","embeddable":true,"href":"https:\/\/www.edituraunmb.ro\/index.php?rest_route=%2Fwp%2Fv2%2Fproduct_brand&post=2284"},{"taxonomy":"product_cat","embeddable":true,"href":"https:\/\/www.edituraunmb.ro\/index.php?rest_route=%2Fwp%2Fv2%2Fproduct_cat&post=2284"},{"taxonomy":"product_tag","embeddable":true,"href":"https:\/\/www.edituraunmb.ro\/index.php?rest_route=%2Fwp%2Fv2%2Fproduct_tag&post=2284"}],"curies":[{"name":"wp","href":"https:\/\/api.w.org\/{rel}","templated":true}]}}