{"id":2392,"date":"2025-09-05T18:05:15","date_gmt":"2025-09-05T15:05:15","guid":{"rendered":"https:\/\/www.edituraunmb.ro\/?post_type=product&#038;p=2392"},"modified":"2026-03-09T16:43:50","modified_gmt":"2026-03-09T13:43:50","slug":"w-a-mozart-sound-introspections","status":"publish","type":"product","link":"https:\/\/www.edituraunmb.ro\/?product=w-a-mozart-sound-introspections","title":{"rendered":"W.A. Mozart Sound Introspections (1994)"},"content":{"rendered":"<p>Pornind cu ideea construirii unei \u201eclase de compozi\u0163ii\u201d camerale ce sondeaz\u0103 istoria muzicii prin introspec\u0163ii metastilistice subiective, reinterpret\u0103ri \u015fi revizit\u0103ri timbralstructurale ale unor lucr\u0103ri bizare \u0219i excentrice \u00een raport cu tradi\u0163ia din care fac parte, Aurel Stroe va reu\u0219i s\u0103 finalizeze dou\u0103 asemenea opusuri: <em>].S. Bach \u2014 Sound Introspections (a possible lecture of the 14 Canons, BWV 1087)<\/em> pentru flaut piccolo, clarinet bas, contrafagot, 2 tromboane, 2 percu\u0163ii, clavecin (ossia celesta), glockenspiel, harp\u0103 \u0219i 2 viole \u015fi <em>W.A. Mozart \u2014 Sound Introspections<\/em> pentru trio de coarde.<\/p>\n<h6>Dac\u0103 primul opus, bizar \u0219i complet original ca instrumenta\u021bie, porne\u0219te de la cele 14 canoane ale lui Bach care sunt, dup\u0103 cum spune chiar autorul pe prima pagin\u0103 a manuscrisului, \u201ecompilate, orchestrate \u015fi dizolvate timbral\u201d (<em>zusammengestellt, orchestriert und Klanglich aufgel\u00f6st<\/em>), cel de-al doilea \u00ee\u0219i ia ca pretext un fragment celebru din Simfonia nr. 40 de Mozart, anume \u00eenceputul dezvolt\u0103rii p\u0103r\u021bii a IV-a, pe care diver\u015fi anali\u0219ti l-au considerat \u2014 \u00een lumina tehnicii seriale \u2014 ca fiind o mostr\u0103 de prefigurare a dodecafonismului. Aurel Stroe ia acest fragment ca tem\u0103 a introspec\u021biilor sale timbrale \u0219i-l transform\u0103 \u00een surs\u0103 de material componistic pentru un trio de coarde compus \u00een 1994 la rug\u0103mintea muzicologului \u015fi profesorului Francisc L\u00e2szl6, pentru un concert al Societ\u0103\u0163ii Rom\u00e2ne Mozart de la Cluj-Napoca. \u00cen acest sens, se poate spune c\u0103 avem de-a face cu o pies\u0103 ocazional\u0103, \u201er\u0103st\u0103lm\u0103cirea\u201d timbral\u0103 a lui Mozart ap\u0103r\u00e2nd \u00een contextul crea\u0163iei lui Stroe datorit\u0103 insisten\u021bei \u0219i rug\u0103min\u021bilor fierbin\u021bi ale organizatorului.<\/h6>\n<h6><strong>Dan Dediu<\/strong><\/h6>\n<p>&nbsp;<\/p>\n","protected":false},"excerpt":{"rendered":"<p>Pornind cu ideea construirii unei \u201eclase de compozi\u0163ii\u201d camerale ce sondeaz\u0103 istoria muzicii prin introspec\u0163ii metastilistice subiective, reinterpret\u0103ri \u015fi revizit\u0103ri timbralstructurale ale unor lucr\u0103ri bizare \u0219i excentrice \u00een raport cu tradi\u0163ia din care fac parte, Aurel Stroe va reu\u0219i s\u0103 &hellip; <a href=\"https:\/\/www.edituraunmb.ro\/?product=w-a-mozart-sound-introspections\" style=\"padding-left:10px;\">Mai multe detalii<\/a><\/p>\n","protected":false},"featured_media":2393,"comment_status":"closed","ping_status":"closed","template":"","meta":{"_acf_changed":false},"product_brand":[],"product_cat":[1004],"product_tag":[89,579],"class_list":{"0":"post-2392","1":"product","2":"type-product","3":"status-publish","4":"has-post-thumbnail","6":"product_cat-1004","7":"product_tag-muzica-de-camera","8":"product_tag-partitura","9":"p_author-aurel-stroe","10":"t_lucrare-partitura","12":"first","13":"instock","14":"shipping-taxable","15":"product-type-simple"},"acf":[],"_links":{"self":[{"href":"https:\/\/www.edituraunmb.ro\/index.php?rest_route=\/wp\/v2\/product\/2392","targetHints":{"allow":["GET"]}}],"collection":[{"href":"https:\/\/www.edituraunmb.ro\/index.php?rest_route=\/wp\/v2\/product"}],"about":[{"href":"https:\/\/www.edituraunmb.ro\/index.php?rest_route=\/wp\/v2\/types\/product"}],"replies":[{"embeddable":true,"href":"https:\/\/www.edituraunmb.ro\/index.php?rest_route=%2Fwp%2Fv2%2Fcomments&post=2392"}],"wp:featuredmedia":[{"embeddable":true,"href":"https:\/\/www.edituraunmb.ro\/index.php?rest_route=\/wp\/v2\/media\/2393"}],"wp:attachment":[{"href":"https:\/\/www.edituraunmb.ro\/index.php?rest_route=%2Fwp%2Fv2%2Fmedia&parent=2392"}],"wp:term":[{"taxonomy":"product_brand","embeddable":true,"href":"https:\/\/www.edituraunmb.ro\/index.php?rest_route=%2Fwp%2Fv2%2Fproduct_brand&post=2392"},{"taxonomy":"product_cat","embeddable":true,"href":"https:\/\/www.edituraunmb.ro\/index.php?rest_route=%2Fwp%2Fv2%2Fproduct_cat&post=2392"},{"taxonomy":"product_tag","embeddable":true,"href":"https:\/\/www.edituraunmb.ro\/index.php?rest_route=%2Fwp%2Fv2%2Fproduct_tag&post=2392"}],"curies":[{"name":"wp","href":"https:\/\/api.w.org\/{rel}","templated":true}]}}