{"id":2396,"date":"2025-09-05T18:51:52","date_gmt":"2025-09-05T15:51:52","guid":{"rendered":"https:\/\/www.edituraunmb.ro\/?post_type=product&#038;p=2396"},"modified":"2026-03-09T16:39:57","modified_gmt":"2026-03-09T13:39:57","slug":"pe-acest-pamant-insorit-ii-1993","status":"publish","type":"product","link":"https:\/\/www.edituraunmb.ro\/?product=pe-acest-pamant-insorit-ii-1993","title":{"rendered":"Pe acest p\u0103m\u00e2nt \u00eensorit (II) (1993)"},"content":{"rendered":"<h6>Muzica, at\u00e2t c\u00e2t o cunoa\u0219tem, face parte din noi. E foarte greu s-o schimb\u0103m, s\u0103-i vedem nem\u0103rginirea&#8230; Trebuie s\u0103 mergem mai departe, dar unde? Cum? Totul pare ocupat, totul s-a f\u0103cut&#8230; Avem, \u00eens\u0103, o arm\u0103, perseveren\u0163a, care, folosit\u0103 cu inteligen\u021b\u0103, permite \u00eennoiri, deschide drumuri&#8230; Am descoperit libertatea pas cu pas, pe m\u0103sur\u0103 ce am \u00eenvins constr\u00e2ngerile. Nu a fost u\u0219or s\u0103 renun\u0163, s\u0103 \u00eempart opera cu interpre\u0163ii. Obi\u015fnuin\u0163a e a doua natur\u0103! Nici lor nu le-a fost u\u0219or s\u0103 se implice \u00een crea\u0163ie, s\u0103 dep\u0103\u0219easc\u0103 barierele tradi\u0163iei, s\u0103 p\u0103trund\u0103 \u00een universuri inedite, s\u0103 d\u0103ruiasc\u0103 suflet muzical nou. Lucrarea de fa\u021b\u0103 e curajoas\u0103! A a\u015fteptat mult timp s\u0103 prind\u0103 via\u0163\u0103. \u00ce\u0219i poate permite, pentru c\u0103 se actualizeaz\u0103 cu fiecare interpretare. Lucrarea de fa\u021b\u0103 e norocoas\u0103! Intr\u0103 \u00een lume pentru a doua oar\u0103 la o familie bogat\u0103. Nu-i lipse\u0219te nimic. Cu p\u0103rin\u021bi iubitori din ambele direc\u021bii creatoare, cvartetul <em>Pe acest p\u0103m\u00e2nt \u00eensorit II<\/em> \u00eencearc\u0103 s\u0103 demonstreze c\u0103 merit\u0103 s\u0103 tr\u0103iasc\u0103. \u00cen ce m\u0103sur\u0103 va reu\u0219i, r\u0103m\u00e2ne de v\u0103zut.<\/h6>\n<h6><strong>Ulpiu Vlad\u00a0<\/strong><\/h6>\n","protected":false},"excerpt":{"rendered":"<p>Muzica, at\u00e2t c\u00e2t o cunoa\u0219tem, face parte din noi. E foarte greu s-o schimb\u0103m, s\u0103-i vedem nem\u0103rginirea&#8230; Trebuie s\u0103 mergem mai departe, dar unde? Cum? Totul pare ocupat, totul s-a f\u0103cut&#8230; Avem, \u00eens\u0103, o arm\u0103, perseveren\u0163a, care, folosit\u0103 cu inteligen\u021b\u0103, &hellip; <a href=\"https:\/\/www.edituraunmb.ro\/?product=pe-acest-pamant-insorit-ii-1993\" style=\"padding-left:10px;\">Mai multe detalii<\/a><\/p>\n","protected":false},"featured_media":2397,"comment_status":"closed","ping_status":"closed","template":"","meta":{"_acf_changed":false},"product_brand":[],"product_cat":[1004],"product_tag":[89,579],"class_list":{"0":"post-2396","1":"product","2":"type-product","3":"status-publish","4":"has-post-thumbnail","6":"product_cat-1004","7":"product_tag-muzica-de-camera","8":"product_tag-partitura","9":"p_author-ulpiu-vlad","10":"t_lucrare-partitura","12":"first","13":"instock","14":"shipping-taxable","15":"product-type-simple"},"acf":[],"_links":{"self":[{"href":"https:\/\/www.edituraunmb.ro\/index.php?rest_route=\/wp\/v2\/product\/2396","targetHints":{"allow":["GET"]}}],"collection":[{"href":"https:\/\/www.edituraunmb.ro\/index.php?rest_route=\/wp\/v2\/product"}],"about":[{"href":"https:\/\/www.edituraunmb.ro\/index.php?rest_route=\/wp\/v2\/types\/product"}],"replies":[{"embeddable":true,"href":"https:\/\/www.edituraunmb.ro\/index.php?rest_route=%2Fwp%2Fv2%2Fcomments&post=2396"}],"wp:featuredmedia":[{"embeddable":true,"href":"https:\/\/www.edituraunmb.ro\/index.php?rest_route=\/wp\/v2\/media\/2397"}],"wp:attachment":[{"href":"https:\/\/www.edituraunmb.ro\/index.php?rest_route=%2Fwp%2Fv2%2Fmedia&parent=2396"}],"wp:term":[{"taxonomy":"product_brand","embeddable":true,"href":"https:\/\/www.edituraunmb.ro\/index.php?rest_route=%2Fwp%2Fv2%2Fproduct_brand&post=2396"},{"taxonomy":"product_cat","embeddable":true,"href":"https:\/\/www.edituraunmb.ro\/index.php?rest_route=%2Fwp%2Fv2%2Fproduct_cat&post=2396"},{"taxonomy":"product_tag","embeddable":true,"href":"https:\/\/www.edituraunmb.ro\/index.php?rest_route=%2Fwp%2Fv2%2Fproduct_tag&post=2396"}],"curies":[{"name":"wp","href":"https:\/\/api.w.org\/{rel}","templated":true}]}}