{"id":247,"date":"2015-08-10T14:54:33","date_gmt":"2015-08-10T14:54:33","guid":{"rendered":"http:\/\/www.edituraunmb.ro\/?post_type=product&#038;p=247"},"modified":"2015-08-10T15:06:39","modified_gmt":"2015-08-10T15:06:39","slug":"orga","status":"publish","type":"product","link":"https:\/\/www.edituraunmb.ro\/?product=orga","title":{"rendered":"Orga"},"content":{"rendered":"<p>\u201eA aborda istoricul acestui instrument este un lucru extrem de dificil, datorat \u00een parte insuficien\u0163ei \u015fi chiar impreciziei documentelor referitoare la unele etape incipiente de dezvoltare ale orgii \u015fi pe de alt\u0103 parte, diferen\u0163ierilor zonale de construc\u0163ie ce apar mai ales \u00eentre secolele XV-XIX. Studiul celor din urm\u0103 presupune o abordare separat\u0103 a tuturor centrelor europene de importan\u0163\u0103 major\u0103 (zona \u0162\u0103rilor de Jos, a nordului, centrului \u015fi sudului Germaniei, a Fran\u0163ei, a Peninsulei Iberice, a Angliei), urm\u0103rindu-se at\u00e2t constantele, variabilele, c\u00e2t \u015fi influen\u0163ele suferite, ca urmare a multiplelor interferen\u0163e ce au avut loc \u00een timp. Din aceste ra\u0163iuni, \u00een prezentul studiu, vom c\u0103uta s\u0103 indic\u0103m doar traseul urmat de acest instrument de-a lungul secolelor, limit\u00e2ndu-ne doar la parcurgerea etapelor ce preced faza embrionar\u0103 a orgii europene, cunoscut\u0103 nou\u0103, precum \u015fi la punctarea momentelor definitorii de evolu\u0163ie ale acesteia din urm\u0103, urm\u0103rind cu prec\u0103dere o descriere am\u0103nun\u0163it\u0103 a principalelor componente ale orgii \u201cmoderne\u201d. O cercetare din perspectiva dezvolt\u0103rii istorico-geografice a instrumentului reclam\u0103 un spa\u0163iu mult mai larg, \u00eentruc\u00e2t aceasta ar trebui efectuat\u0103 \u00een paralel cu studiul stilurilor de registra\u0163ie, consecin\u0163\u0103 direct\u0103 a evolu\u0163iei orgii. Din aceste ra\u0163iuni, o astfel de abordare va face obiectul unui alt studiu, separat.\u201d (Christian W. Berger)<\/p>\n","protected":false},"excerpt":{"rendered":"<p>\u201eA aborda istoricul acestui instrument este un lucru extrem de dificil, datorat \u00een parte insuficien\u0163ei \u015fi chiar impreciziei documentelor referitoare la unele etape incipiente de dezvoltare ale orgii \u015fi pe de alt\u0103 parte, diferen\u0163ierilor zonale de construc\u0163ie ce apar mai &hellip; <a href=\"https:\/\/www.edituraunmb.ro\/?product=orga\" style=\"padding-left:10px;\">Mai multe detalii<\/a><\/p>\n","protected":false},"featured_media":248,"comment_status":"open","ping_status":"closed","template":"","meta":{"_acf_changed":false},"product_brand":[],"product_cat":[12],"product_tag":[],"class_list":{"0":"post-247","1":"product","2":"type-product","3":"status-publish","4":"has-post-thumbnail","6":"product_cat-an2014","7":"p_author-christian-w-berger","8":"t_lucrare-carte","10":"first","11":"instock","12":"shipping-taxable","13":"product-type-simple"},"acf":[],"_links":{"self":[{"href":"https:\/\/www.edituraunmb.ro\/index.php?rest_route=\/wp\/v2\/product\/247","targetHints":{"allow":["GET"]}}],"collection":[{"href":"https:\/\/www.edituraunmb.ro\/index.php?rest_route=\/wp\/v2\/product"}],"about":[{"href":"https:\/\/www.edituraunmb.ro\/index.php?rest_route=\/wp\/v2\/types\/product"}],"replies":[{"embeddable":true,"href":"https:\/\/www.edituraunmb.ro\/index.php?rest_route=%2Fwp%2Fv2%2Fcomments&post=247"}],"wp:featuredmedia":[{"embeddable":true,"href":"https:\/\/www.edituraunmb.ro\/index.php?rest_route=\/wp\/v2\/media\/248"}],"wp:attachment":[{"href":"https:\/\/www.edituraunmb.ro\/index.php?rest_route=%2Fwp%2Fv2%2Fmedia&parent=247"}],"wp:term":[{"taxonomy":"product_brand","embeddable":true,"href":"https:\/\/www.edituraunmb.ro\/index.php?rest_route=%2Fwp%2Fv2%2Fproduct_brand&post=247"},{"taxonomy":"product_cat","embeddable":true,"href":"https:\/\/www.edituraunmb.ro\/index.php?rest_route=%2Fwp%2Fv2%2Fproduct_cat&post=247"},{"taxonomy":"product_tag","embeddable":true,"href":"https:\/\/www.edituraunmb.ro\/index.php?rest_route=%2Fwp%2Fv2%2Fproduct_tag&post=247"}],"curies":[{"name":"wp","href":"https:\/\/api.w.org\/{rel}","templated":true}]}}