{"id":254,"date":"2015-08-10T14:53:50","date_gmt":"2015-08-10T14:53:50","guid":{"rendered":"http:\/\/www.edituraunmb.ro\/?post_type=product&#038;p=254"},"modified":"2015-08-10T14:53:50","modified_gmt":"2015-08-10T14:53:50","slug":"conotatiile-minorului-in-sonatele-pentru-pian-ale-clasicilor-vienezi","status":"publish","type":"product","link":"https:\/\/www.edituraunmb.ro\/?product=conotatiile-minorului-in-sonatele-pentru-pian-ale-clasicilor-vienezi","title":{"rendered":"Conota\u021biile minorului \u00een sonatele pentru pian ale clasicilor vienezi"},"content":{"rendered":"<p>\u201eAv\u00e2nd \u00een vedere rolul tonalit\u0103\u0163ii \u00een forma de sonat\u0103 \u015fi tendin\u0163ele conflictuale<br \/>\ncare-i motiveaz\u0103 instabilit\u0103\u0163ile, am observat cu mare interes leg\u0103tura acestora cu<br \/>\nparticularit\u0103\u0163i ale personalit\u0103\u0163ii compozitorului. Unele detalii p\u0103reau nejustificate,<br \/>\nparadoxale, ap\u0103r\u00e2nd ca \u015fi cum ar contesta logica. Reg\u0103seam cu prec\u0103dere aceste<br \/>\nincongruen\u0163e \u00een sonatele minore. Prin propria natur\u0103, am g\u0103sit afinit\u0103\u0163i cu sonatele<br \/>\nprofunde. Sinceritatea \u015fi voin\u0163a de comunicare sunt premise ale unei intimit\u0103\u0163i<br \/>\nspirituale superioare. Aceste sonate dezv\u0103luie cu sinceritate autentic\u0103 via\u0163a l\u0103untric\u0103<br \/>\na creatorilor lor: nelini\u015ftile \u015fi credin\u0163a, dezam\u0103girile \u015fi aspira\u0163iile, teama \u015fi voin\u0163a,<br \/>\nprin acele tr\u0103s\u0103turi particulare ce se cer \u00een\u0163elese \u015fi \u00eemp\u0103rt\u0103\u015fite. A\u015fa cum de mult, \u00een<br \/>\ntinere\u0163e, dep\u0103rtarea de cas\u0103 pe termen lung prin plecarea la studii mi-a dezvoltat<br \/>\nreac\u0163iile \u015fi atitudinile afective, recuno\u015fteam \u00een aceste sonate o for\u0163\u0103 modelatoare, ce<br \/>\nr\u0103spundea vie\u0163ii interioare. Modelele umane \u015fi crea\u0163iile artistice pe care le cunoa\u015ftem<br \/>\nmai bine ne ajut\u0103 s\u0103 ne autocunoa\u015ftem. Cunoa\u015fterea orientat\u0103 cu totul c\u0103tre sine<br \/>\neste riscant\u0103, iar subiectivismul ei duce la distorsion\u0103ri \u015fi exager\u0103ri, limit\u00e2nd<br \/>\npoten\u0163ialul. Pe de alt\u0103 parte, cunoa\u015fterea indirect\u0103, ce treze\u015fte admira\u0163ia \u015fi iubirea,<br \/>\neste o form\u0103 de transformare pasionant\u0103. Aceste sonate \u00eemi prilejuiesc o cunoa\u015ftere<br \/>\nce dep\u0103\u015fe\u015fte cadrul strict al partiturii. Ele sunt o companie spiritual\u0103 ce inspir\u0103<br \/>\nimagina\u0163ia \u015fi \u00eensufle\u0163e\u015fte g\u00e2ndirea.\u201d (Adriana Boc\u0103neanu)<\/p>\n","protected":false},"excerpt":{"rendered":"<p>\u201eAv\u00e2nd \u00een vedere rolul tonalit\u0103\u0163ii \u00een forma de sonat\u0103 \u015fi tendin\u0163ele conflictuale care-i motiveaz\u0103 instabilit\u0103\u0163ile, am observat cu mare interes leg\u0103tura acestora cu particularit\u0103\u0163i ale personalit\u0103\u0163ii compozitorului. Unele detalii p\u0103reau nejustificate, paradoxale, ap\u0103r\u00e2nd ca \u015fi cum ar contesta logica. Reg\u0103seam &hellip; <a href=\"https:\/\/www.edituraunmb.ro\/?product=conotatiile-minorului-in-sonatele-pentru-pian-ale-clasicilor-vienezi\" style=\"padding-left:10px;\">Mai multe detalii<\/a><\/p>\n","protected":false},"featured_media":256,"comment_status":"open","ping_status":"closed","template":"","meta":{"_acf_changed":false},"product_brand":[],"product_cat":[18],"product_tag":[84,82,83,80,81,85],"class_list":{"0":"post-254","1":"product","2":"type-product","3":"status-publish","4":"has-post-thumbnail","6":"product_cat-an2013","7":"product_tag-adriana-bocaneanu","8":"product_tag-beethoven","9":"product_tag-clasici-vienezi","10":"product_tag-haydn","11":"product_tag-mozart","12":"product_tag-sonata","13":"p_author-adriana-bocaneanu","14":"t_lucrare-carte","16":"first","17":"instock","18":"shipping-taxable","19":"product-type-simple"},"acf":[],"_links":{"self":[{"href":"https:\/\/www.edituraunmb.ro\/index.php?rest_route=\/wp\/v2\/product\/254","targetHints":{"allow":["GET"]}}],"collection":[{"href":"https:\/\/www.edituraunmb.ro\/index.php?rest_route=\/wp\/v2\/product"}],"about":[{"href":"https:\/\/www.edituraunmb.ro\/index.php?rest_route=\/wp\/v2\/types\/product"}],"replies":[{"embeddable":true,"href":"https:\/\/www.edituraunmb.ro\/index.php?rest_route=%2Fwp%2Fv2%2Fcomments&post=254"}],"wp:featuredmedia":[{"embeddable":true,"href":"https:\/\/www.edituraunmb.ro\/index.php?rest_route=\/wp\/v2\/media\/256"}],"wp:attachment":[{"href":"https:\/\/www.edituraunmb.ro\/index.php?rest_route=%2Fwp%2Fv2%2Fmedia&parent=254"}],"wp:term":[{"taxonomy":"product_brand","embeddable":true,"href":"https:\/\/www.edituraunmb.ro\/index.php?rest_route=%2Fwp%2Fv2%2Fproduct_brand&post=254"},{"taxonomy":"product_cat","embeddable":true,"href":"https:\/\/www.edituraunmb.ro\/index.php?rest_route=%2Fwp%2Fv2%2Fproduct_cat&post=254"},{"taxonomy":"product_tag","embeddable":true,"href":"https:\/\/www.edituraunmb.ro\/index.php?rest_route=%2Fwp%2Fv2%2Fproduct_tag&post=254"}],"curies":[{"name":"wp","href":"https:\/\/api.w.org\/{rel}","templated":true}]}}