{"id":260,"date":"2015-08-10T14:53:15","date_gmt":"2015-08-10T14:53:15","guid":{"rendered":"http:\/\/www.edituraunmb.ro\/?post_type=product&#038;p=260"},"modified":"2025-10-28T14:03:59","modified_gmt":"2025-10-28T11:03:59","slug":"o-teorie-semiotica-a-interpretarii-muzicale-vol-1","status":"publish","type":"product","link":"https:\/\/www.edituraunmb.ro\/?product=o-teorie-semiotica-a-interpretarii-muzicale-vol-1","title":{"rendered":"O teorie semiotic\u0103 a interpret\u0103rii muzicale, vol. 1"},"content":{"rendered":"<p>\u201eDin perspectiva premizei \u2013 acceptat\u0103 ca fiind evident adev\u0103rat\u0103 \u2013 c\u0103 muzica este un limbaj artistic specific, atestat ca atare \u00een mod obiectiv de cultura c\u0103reia \u00eei apar\u0163ine, am accentuat, \u00een aceast\u0103 nou\u0103 redactare, \u00een ceea ce prive\u015fte<br \/>\n&#8211; dimensiunea gramatical\u0103 a limbajului muzical, rolul esen\u0163ial ce \u00eei revine \u2013 desigur, \u00eempreun\u0103 cu sintaxa muzical\u0103 \u2013 vocabularului muzical<br \/>\n&#8211; dimensiunea semantic\u0103 a acestui limbaj, importan\u0163a fundamental\u0103 pe care o au \u2013 solidare cu psihologia muzical\u0103 \u2013 morala, \u00een\u0163elepciunea sau sacralitatea muzicii.<br \/>\n\u00centr-adev\u0103r, muzicologia de factur\u0103 mai veche sau mai nou\u0103 \u015fi-a orientat cu prec\u0103dere cercet\u0103rile, \u00eentr-o manier\u0103 aproape exclusivist\u0103 \u00een majoritatea cazurilor, numai asupra sintaxei muzicale, marginaliz\u00e2nd sau chiar ignor\u00e2nd problematica cel pu\u0163in la fel de important\u0103 a lexicului muzical, adic\u0103 a acelor unit\u0103\u0163i semnificative ale limbajului muzical de lungime minim\u0103 ce se situeaz\u0103 la frontiera continu\u0103 ce desparte universul referen\u0163ial autonom al muzicii de acela eteronom al ei.<br \/>\nAm introdus astfel noi concepte \u00een studiul vocabularului cum sunt, de exemplu, enun\u0163urile elementare omogene sau eterogene propriu sau impropriu extinse sau de vocabulare generatoare V0 de natur\u0103 melodic\u0103, ritmic\u0103, metric\u0103, armonic\u0103, dinamic\u0103, timbral\u0103 sau motivic\u0103, care pot genera, prin transform\u0103ri corespunz\u0103toare, vocabularele primare V1, secundare V2 sau ter\u0163iare V3 ale lexemelor respectiv motivelor elementare sau extinse improprii sau proprii, av\u00e2nd acelea\u015fi naturi.<br \/>\n\u00cen ceea ce prive\u015fte dimensiunea semantic\u0103, am considerat necesar\u0103 introducerea unor cupluri antinomice cum sunt, de pild\u0103: speran\u0163\u0103\/dezn\u0103dejde, desp\u0103timire\/\u00eemp\u0103timire sau certitudine\/\u00eendoial\u0103, optimism\/pesimism sau sacru\/profan, profan\/demonic \u015fi altele, care s\u0103 poat\u0103 capta \u2013 \u00een limitele principial date ale verbaliz\u0103rii \u2013 acele st\u0103ri<br \/>\npsihofiziologice complexe proprii muzicii ce formeaz\u0103 universul s\u0103u referen\u0163ial specific, univers c\u0103ruia o anumit\u0103 muzicologie aflat\u0103 sub semnul unui pozitivism orgolios exacerbat, tinde \u2013 \u00een pofida realit\u0103\u0163ii \u2013 s\u0103 \u00eei reduc\u0103 componenta sa metafizic\u0103, adic\u0103 tocmai aceea care confer\u0103 sensul prim \u015fi ultim al existen\u0163ei universului \u00een general \u015fi al aceluia muzical \u00een particular.\u201d (Dinu Ciocan)<\/p>\n","protected":false},"excerpt":{"rendered":"<p>\u201eDin perspectiva premizei \u2013 acceptat\u0103 ca fiind evident adev\u0103rat\u0103 \u2013 c\u0103 muzica este un limbaj artistic specific, atestat ca atare \u00een mod obiectiv de cultura c\u0103reia \u00eei apar\u0163ine, am accentuat, \u00een aceast\u0103 nou\u0103 redactare, \u00een ceea ce prive\u015fte &#8211; dimensiunea &hellip; <a href=\"https:\/\/www.edituraunmb.ro\/?product=o-teorie-semiotica-a-interpretarii-muzicale-vol-1\" style=\"padding-left:10px;\">Mai multe detalii<\/a><\/p>\n","protected":false},"featured_media":261,"comment_status":"open","ping_status":"closed","template":"","meta":{"_acf_changed":false},"product_brand":[],"product_cat":[95],"product_tag":[],"class_list":{"0":"post-260","1":"product","2":"type-product","3":"status-publish","4":"has-post-thumbnail","6":"product_cat-95","7":"p_author-dinu-ciocan","8":"t_lucrare-carte","10":"first","11":"instock","12":"shipping-taxable","13":"product-type-simple"},"acf":[],"_links":{"self":[{"href":"https:\/\/www.edituraunmb.ro\/index.php?rest_route=\/wp\/v2\/product\/260","targetHints":{"allow":["GET"]}}],"collection":[{"href":"https:\/\/www.edituraunmb.ro\/index.php?rest_route=\/wp\/v2\/product"}],"about":[{"href":"https:\/\/www.edituraunmb.ro\/index.php?rest_route=\/wp\/v2\/types\/product"}],"replies":[{"embeddable":true,"href":"https:\/\/www.edituraunmb.ro\/index.php?rest_route=%2Fwp%2Fv2%2Fcomments&post=260"}],"wp:featuredmedia":[{"embeddable":true,"href":"https:\/\/www.edituraunmb.ro\/index.php?rest_route=\/wp\/v2\/media\/261"}],"wp:attachment":[{"href":"https:\/\/www.edituraunmb.ro\/index.php?rest_route=%2Fwp%2Fv2%2Fmedia&parent=260"}],"wp:term":[{"taxonomy":"product_brand","embeddable":true,"href":"https:\/\/www.edituraunmb.ro\/index.php?rest_route=%2Fwp%2Fv2%2Fproduct_brand&post=260"},{"taxonomy":"product_cat","embeddable":true,"href":"https:\/\/www.edituraunmb.ro\/index.php?rest_route=%2Fwp%2Fv2%2Fproduct_cat&post=260"},{"taxonomy":"product_tag","embeddable":true,"href":"https:\/\/www.edituraunmb.ro\/index.php?rest_route=%2Fwp%2Fv2%2Fproduct_tag&post=260"}],"curies":[{"name":"wp","href":"https:\/\/api.w.org\/{rel}","templated":true}]}}