{"id":263,"date":"2015-08-10T14:52:58","date_gmt":"2015-08-10T14:52:58","guid":{"rendered":"http:\/\/www.edituraunmb.ro\/?post_type=product&#038;p=263"},"modified":"2015-08-10T14:52:58","modified_gmt":"2015-08-10T14:52:58","slug":"o-teorie-semitica-a-interpretarii-muzicale-vol-2-partea-i","status":"publish","type":"product","link":"https:\/\/www.edituraunmb.ro\/?product=o-teorie-semitica-a-interpretarii-muzicale-vol-2-partea-i","title":{"rendered":"O teorie semitic\u0103 a interpret\u0103rii muzicale, vol. 2 partea I"},"content":{"rendered":"<p>\u201eProiectat\u0103 (\u015fi anun\u0163at\u0103) ini\u0163ial la dimensiunile a dou\u0103 volume dedicate gramaticii (vocabular \u015fi sintax\u0103) respectiv semanticii limbajului muzical din perspectiva unei duble model\u0103ri semiolingvistice \u015fi matematice, lucrarea \u2013 pe m\u0103sura avans\u0103rii cercet\u0103rilor privind fundamentele teoretice precum \u015fi capacit\u0103\u0163ile aplicative ale acestui limbaj \u2013 a dep\u0103\u015fit necesarmente cadrul ideatic \u015fi practic originar preconizat, astfel \u00eenc\u00e2t problematicile vocabularului \u2013 precedat\u0103 \u015fi de o expunere a principiilor specific muzicale \u015fi general umane ce constituie temeiul \u015ftiin\u0163ific muzical al \u00eentregii lucr\u0103ri \u2013 a f\u0103cut \u00een exclusivitate obiectul primului volum, problematicile corespunz\u0103toare ale sintaxei, respectiv ale semanticii revenindu-le p\u0103r\u0163ilor componente ale celui de-al doilea volum, \u00een acest caz p\u0103r\u0163ii \u00eent\u00e2i: II.B. Despre sintaxa muzical\u0103 a acestuia.\u201d (Dinu Ciocan)<\/p>\n","protected":false},"excerpt":{"rendered":"<p>\u201eProiectat\u0103 (\u015fi anun\u0163at\u0103) ini\u0163ial la dimensiunile a dou\u0103 volume dedicate gramaticii (vocabular \u015fi sintax\u0103) respectiv semanticii limbajului muzical din perspectiva unei duble model\u0103ri semiolingvistice \u015fi matematice, lucrarea \u2013 pe m\u0103sura avans\u0103rii cercet\u0103rilor privind fundamentele teoretice precum \u015fi capacit\u0103\u0163ile aplicative ale &hellip; <a href=\"https:\/\/www.edituraunmb.ro\/?product=o-teorie-semitica-a-interpretarii-muzicale-vol-2-partea-i\" style=\"padding-left:10px;\">Mai multe detalii<\/a><\/p>\n","protected":false},"featured_media":264,"comment_status":"open","ping_status":"closed","template":"","meta":{"_acf_changed":false},"product_brand":[],"product_cat":[98],"product_tag":[],"class_list":{"0":"post-263","1":"product","2":"type-product","3":"status-publish","4":"has-post-thumbnail","6":"product_cat-98","7":"t_lucrare-carte","9":"first","10":"instock","11":"shipping-taxable","12":"product-type-simple"},"acf":[],"_links":{"self":[{"href":"https:\/\/www.edituraunmb.ro\/index.php?rest_route=\/wp\/v2\/product\/263","targetHints":{"allow":["GET"]}}],"collection":[{"href":"https:\/\/www.edituraunmb.ro\/index.php?rest_route=\/wp\/v2\/product"}],"about":[{"href":"https:\/\/www.edituraunmb.ro\/index.php?rest_route=\/wp\/v2\/types\/product"}],"replies":[{"embeddable":true,"href":"https:\/\/www.edituraunmb.ro\/index.php?rest_route=%2Fwp%2Fv2%2Fcomments&post=263"}],"wp:featuredmedia":[{"embeddable":true,"href":"https:\/\/www.edituraunmb.ro\/index.php?rest_route=\/wp\/v2\/media\/264"}],"wp:attachment":[{"href":"https:\/\/www.edituraunmb.ro\/index.php?rest_route=%2Fwp%2Fv2%2Fmedia&parent=263"}],"wp:term":[{"taxonomy":"product_brand","embeddable":true,"href":"https:\/\/www.edituraunmb.ro\/index.php?rest_route=%2Fwp%2Fv2%2Fproduct_brand&post=263"},{"taxonomy":"product_cat","embeddable":true,"href":"https:\/\/www.edituraunmb.ro\/index.php?rest_route=%2Fwp%2Fv2%2Fproduct_cat&post=263"},{"taxonomy":"product_tag","embeddable":true,"href":"https:\/\/www.edituraunmb.ro\/index.php?rest_route=%2Fwp%2Fv2%2Fproduct_tag&post=263"}],"curies":[{"name":"wp","href":"https:\/\/api.w.org\/{rel}","templated":true}]}}