{"id":281,"date":"2015-08-06T17:00:02","date_gmt":"2015-08-06T17:00:02","guid":{"rendered":"http:\/\/www.edituraunmb.ro\/?post_type=product&#038;p=281"},"modified":"2015-08-10T14:51:29","modified_gmt":"2015-08-10T14:51:29","slug":"breviar-enescian","status":"publish","type":"product","link":"https:\/\/www.edituraunmb.ro\/?product=breviar-enescian","title":{"rendered":"Breviar enescian"},"content":{"rendered":"<p>\u201eCulegerea de comentarii aci \u00eenf\u0103\u0163i\u015fate a \u00eenso\u0163it un \u015fir de 31 emisiuni la \u201eRadio Rom\u00e2nia Muzical\u201d \u00eentre 1 februarie \u015fi 30 august 2005. Tema ciclului era prezentarea unei integrale a Operei enesciene. Desigur, o integral\u0103 \u00een adev\u0103ratul sens al cuv\u00e2ntului va fi trebuit s\u0103 cuprind\u0103 eventual \u015fi cele c\u00e2teva zeci de lucr\u0103ri \u015fi fragmente de lucr\u0103ri ale autorului scrise p\u00e2n\u0103 la 16 ani. Noi am preferat s\u0103 pornim de la opus 1 \u2013 Poema rom\u00e2n\u0103 \u2013 \u015fi, epuiz\u00e2nd lucr\u0103rile numerotate de autor, ca \u015fi piesele instrumentale de concurs nenumerotate dar publicate de Enescu (flaut, viol\u0103, harp\u0103 cromatic\u0103, trompet\u0103), am ad\u0103ugat zece alte titluri, fie piese originale (precum Impromptu concertant, Sonata<br \/>\ntorso ori Trio-ul \u00een la minor), fie piese recuperate din schi\u0163e sau \u00eentregite \u00een baza schi\u0163elor (exemplu: poemul vocal-orchestral Isis, Simfoniile 4 \u015fi 5). Ceea ce a dus totalul la aproape 50 de titluri, ar\u0103t\u00e2nd de fapt adev\u0103ratele dimensiuni ale Operei. \u015ei, \u00eenc\u0103 o dat\u0103, a fost vorba de \u201eintegral\u0103\u201d \u00eentr-un sens destul de relativ \u015fi mai degrab\u0103 pragmatic. (&#8230;) Nivelul la care am men\u0163inut comentariile este cel al iubitorului de muzic\u0103 f\u0103r\u0103 vreo preg\u0103tire special\u0103. Poate c\u0103 dimensiunile textelor nu sunt totdeauna perfect propor\u0163ionate pe duratele \u015fi importan\u0163a efectiv\u0103 a pieselor; se cuvine amintit c\u0103, \u00een alc\u0103tuirea invariabil\u0103 a emisiunilor (55 minute fiecare), timpul de<br \/>\ncare a beneficiat comentatorul era destul de inegal repartizat, deci \u00een unele cazuri avea timp mai mult la dispozi\u0163ie, \u00een altele 6 constr\u00e2ng\u0103tor de pu\u0163in. Am p\u0103strat \u00eens\u0103 aidoma forma ini\u0163ial\u0103, pentru a nu lua din spontaneitatea exprim\u0103rilor, fie ele oric\u00e2t de sintetice. Singura libertate ce mi-am permis a fost o u\u015foar\u0103 rectificare a ordinii \u00een care au fost difuzate efectiv textele, \u00een folosul unei cronologii mai fidele. Dar o cronologie strict\u0103, \u00een cazul crea\u0163iei lui Enescu, este de fapt imposibil de stabilit din motive pe care le-am explicat \u00een c\u00e2teva r\u00e2nduri, cu prilejul unora dintre comentarii.\u201d (Pascal Bentoiu)<\/p>\n","protected":false},"excerpt":{"rendered":"<p>\u201eCulegerea de comentarii aci \u00eenf\u0103\u0163i\u015fate a \u00eenso\u0163it un \u015fir de 31 emisiuni la \u201eRadio Rom\u00e2nia Muzical\u201d \u00eentre 1 februarie \u015fi 30 august 2005. Tema ciclului era prezentarea unei integrale a Operei enesciene. Desigur, o integral\u0103 \u00een adev\u0103ratul sens al cuv\u00e2ntului &hellip; <a href=\"https:\/\/www.edituraunmb.ro\/?product=breviar-enescian\" style=\"padding-left:10px;\">Mai multe detalii<\/a><\/p>\n","protected":false},"featured_media":282,"comment_status":"open","ping_status":"closed","template":"","meta":{"_acf_changed":false},"product_brand":[],"product_cat":[108],"product_tag":[90,110],"class_list":{"0":"post-281","1":"product","2":"type-product","3":"status-publish","4":"has-post-thumbnail","6":"product_cat-108","7":"product_tag-george-enescu","8":"product_tag-pascal-bentoiu","9":"p_author-pascal-bentoiu","10":"t_lucrare-carte","12":"first","13":"instock","14":"shipping-taxable","15":"product-type-simple"},"acf":[],"_links":{"self":[{"href":"https:\/\/www.edituraunmb.ro\/index.php?rest_route=\/wp\/v2\/product\/281","targetHints":{"allow":["GET"]}}],"collection":[{"href":"https:\/\/www.edituraunmb.ro\/index.php?rest_route=\/wp\/v2\/product"}],"about":[{"href":"https:\/\/www.edituraunmb.ro\/index.php?rest_route=\/wp\/v2\/types\/product"}],"replies":[{"embeddable":true,"href":"https:\/\/www.edituraunmb.ro\/index.php?rest_route=%2Fwp%2Fv2%2Fcomments&post=281"}],"wp:featuredmedia":[{"embeddable":true,"href":"https:\/\/www.edituraunmb.ro\/index.php?rest_route=\/wp\/v2\/media\/282"}],"wp:attachment":[{"href":"https:\/\/www.edituraunmb.ro\/index.php?rest_route=%2Fwp%2Fv2%2Fmedia&parent=281"}],"wp:term":[{"taxonomy":"product_brand","embeddable":true,"href":"https:\/\/www.edituraunmb.ro\/index.php?rest_route=%2Fwp%2Fv2%2Fproduct_brand&post=281"},{"taxonomy":"product_cat","embeddable":true,"href":"https:\/\/www.edituraunmb.ro\/index.php?rest_route=%2Fwp%2Fv2%2Fproduct_cat&post=281"},{"taxonomy":"product_tag","embeddable":true,"href":"https:\/\/www.edituraunmb.ro\/index.php?rest_route=%2Fwp%2Fv2%2Fproduct_tag&post=281"}],"curies":[{"name":"wp","href":"https:\/\/api.w.org\/{rel}","templated":true}]}}