{"id":788,"date":"2015-08-11T08:50:39","date_gmt":"2015-08-11T08:50:39","guid":{"rendered":"http:\/\/www.edituraunmb.ro\/?product=akademos-32010-cercetari-contemporane-in-domeniul-educatiei-muzicale"},"modified":"2017-04-10T13:08:15","modified_gmt":"2017-04-10T13:08:15","slug":"akademos-32010-cercetari-contemporane-in-domeniul-educatiei-muzicale","status":"publish","type":"product","link":"https:\/\/www.edituraunmb.ro\/?product=akademos-32010-cercetari-contemporane-in-domeniul-educatiei-muzicale","title":{"rendered":"Akademos 3\/2010. Cercet\u0103ri contemporane \u00een domeniul educa\u021biei muzicale"},"content":{"rendered":"<p>&#8222;Experien\u021bele didactice se desf\u0103\u0219oar\u0103 \u00een flux continuu, prin urmare efortul de sistematizare \u0219i generalizare a fenomenelor inedite care apar pe aprcurs conduce la elaborarea unor noi \u0219i noi contibu\u021bii teoretice. Acestea a\u0219teapt\u0103 s\u0103 fie comunicate mediului \u0219colar din care \u00ee\u0219i trag substan\u021ba profund\u0103. (&#8230;)\u00a0Selec\u021bia oferit\u0103 de acest num\u0103r al revistei Akademos sintetizeaz\u0103 lucr\u0103rile membrilor \u0219i ale colaboratorilor DPPD \u00een cercetarea didactic\u0103 \u0219tiin\u021bific\u0103, elaborate pe parcursul anului 2009 \u0219i traseaz\u0103 totodat\u0103 premisele pentru activitatea din perioada imediat urm\u0103toare&#8221;. (Lavinia Coman)<\/p>\n","protected":false},"excerpt":{"rendered":"<p>Coord. colec\u021bie Tatiana Noia. Responsabil num\u0103r Lavinia Coman. Volumul con\u021bine comunic\u0103ri sus\u021binute la\u00a0Sesiunea \u0219tiin\u021bific\u0103 a Departamentului pentru Preg\u0103tirea Personalului Didactic 24 februarie 2009 <a href=\"https:\/\/www.edituraunmb.ro\/?product=akademos-32010-cercetari-contemporane-in-domeniul-educatiei-muzicale\" style=\"padding-left:10px;\">Mai multe detalii<\/a><\/p>\n","protected":false},"featured_media":410,"comment_status":"open","ping_status":"closed","template":"","meta":{"_acf_changed":false},"product_brand":[],"product_cat":[244],"product_tag":[],"class_list":{"0":"post-788","1":"product","2":"type-product","3":"status-publish","4":"has-post-thumbnail","6":"product_cat-244","7":"p_author-camelia-popa","8":"p_author-carmen-mihaela-badea","9":"p_author-cristina-popescu-stanesti","10":"p_author-denisse-dragoe","11":"p_author-elisabeta-georgescu","12":"p_author-lavinia-coman","13":"p_author-luiza-catana","14":"p_author-mihaela-eugenia-anghel","15":"p_author-nicolae-coman","16":"p_author-ramona-cristina-pachef","17":"p_author-tatiana-noia","18":"p_author-teodora-daniela-chicioreanu","19":"p_author-veronica-sbenghe","20":"t_lucrare-akademos","22":"first","23":"instock","24":"shipping-taxable","25":"product-type-simple"},"acf":[],"_links":{"self":[{"href":"https:\/\/www.edituraunmb.ro\/index.php?rest_route=\/wp\/v2\/product\/788","targetHints":{"allow":["GET"]}}],"collection":[{"href":"https:\/\/www.edituraunmb.ro\/index.php?rest_route=\/wp\/v2\/product"}],"about":[{"href":"https:\/\/www.edituraunmb.ro\/index.php?rest_route=\/wp\/v2\/types\/product"}],"replies":[{"embeddable":true,"href":"https:\/\/www.edituraunmb.ro\/index.php?rest_route=%2Fwp%2Fv2%2Fcomments&post=788"}],"wp:featuredmedia":[{"embeddable":true,"href":"https:\/\/www.edituraunmb.ro\/index.php?rest_route=\/wp\/v2\/media\/410"}],"wp:attachment":[{"href":"https:\/\/www.edituraunmb.ro\/index.php?rest_route=%2Fwp%2Fv2%2Fmedia&parent=788"}],"wp:term":[{"taxonomy":"product_brand","embeddable":true,"href":"https:\/\/www.edituraunmb.ro\/index.php?rest_route=%2Fwp%2Fv2%2Fproduct_brand&post=788"},{"taxonomy":"product_cat","embeddable":true,"href":"https:\/\/www.edituraunmb.ro\/index.php?rest_route=%2Fwp%2Fv2%2Fproduct_cat&post=788"},{"taxonomy":"product_tag","embeddable":true,"href":"https:\/\/www.edituraunmb.ro\/index.php?rest_route=%2Fwp%2Fv2%2Fproduct_tag&post=788"}],"curies":[{"name":"wp","href":"https:\/\/api.w.org\/{rel}","templated":true}]}}