{"id":823,"date":"2015-08-11T12:43:41","date_gmt":"2015-08-11T12:43:41","guid":{"rendered":"http:\/\/www.edituraunmb.ro\/?product=introducere-in-hermeneutica-discursului-muzical"},"modified":"2015-08-11T12:51:49","modified_gmt":"2015-08-11T12:51:49","slug":"introducere-in-hermeneutica-discursului-muzical","status":"publish","type":"product","link":"https:\/\/www.edituraunmb.ro\/?product=introducere-in-hermeneutica-discursului-muzical","title":{"rendered":"Introducere \u00een hermeneutica discursului muzical"},"content":{"rendered":"<p>Lucrarea drei Diana Mo\u015f este o apari\u0163ie de excep\u0163ie \u00een cercetarea \u015ftiin\u0163ific\u0103\u015fi artistic\u0103 din UNMB, din ultima perioad\u0103. Tematica pus\u0103 \u00een discu\u0163ie prive\u015fte un set important de principii de baz\u0103 care definesc domeniul crea\u0163iei \u015fi interpret\u0103rii muzicale, studiul \u00eentreprins fiind \u00een mod evident rezultatul unei activit\u0103\u0163i interpretative, didactice \u015fi \u015ftiin\u0163ifice sus\u0163inute pe care autoarea a depus-o \u00een decursul a mai bine de dou\u0103 decenii, soldat\u0103 cu remarcabile realiz\u0103ri. Capacitatea analitic\u0103, de cercetare \u015ftiin\u0163ific\u0103 a drei Diana Mo\u015f \u00ee\u015fi afl\u0103 \u00een aceast\u0103 carte un teren vast de investiga\u0163ie doct\u0103, lucid\u0103\u015fi complex\u0103. Pornind de la experien\u0163a sa artistic\u0103 de interpret \u015fi de la o informa\u0163ie cultural-\u015ftiin\u0163ific\u0103 extins\u0103, autoarea studiaz\u0103 metodic, dup\u0103 principii afirmate \u015fi confirmate \u00eentr-o vast\u0103 literatur\u0103 de specialitate adus\u0103 p\u00e2n\u0103 la zi, o tematic\u0103 larg\u0103, coerent \u00eenf\u0103\u0163i\u015fat\u0103\u015fi direct aplicat\u0103 asupra domeniului interpret\u0103rii muzicale, privit dintr-o perspectiv\u0103 hermeneutic\u0103. Aici se \u00eentrep\u0103trund, dup\u0103 criterii de maxim\u0103 relevan\u0163\u0103, elemente constitutive ale <em>structur\u0103rii<\/em> discursului muzical \u015fi ale <em>lecturii<\/em>, actul viu al performan\u0163ei <em>\u00een timp<\/em>. Este vorba despre dou\u0103 tipuri de semioz\u0103 care definesc comunicarea muzical\u0103\u015fi care, \u00een lucrare, sunt analizate \u00een profunzime. (Nicolae Br\u00e2ndu\u0219)<\/p>\n","protected":false},"excerpt":{"rendered":"<p>Lucrarea drei Diana Mo\u015f este o apari\u0163ie de excep\u0163ie \u00een cercetarea \u015ftiin\u0163ific\u0103\u015fi artistic\u0103 din UNMB, din ultima perioad\u0103. Tematica pus\u0103 \u00een discu\u0163ie prive\u015fte un set important de principii de baz\u0103 care definesc domeniul crea\u0163iei \u015fi interpret\u0103rii muzicale, studiul \u00eentreprins fiind &hellip; <a href=\"https:\/\/www.edituraunmb.ro\/?product=introducere-in-hermeneutica-discursului-muzical\" style=\"padding-left:10px;\">Mai multe detalii<\/a><\/p>\n","protected":false},"featured_media":503,"comment_status":"open","ping_status":"closed","template":"","meta":{"_acf_changed":false},"product_brand":[],"product_cat":[317],"product_tag":[],"class_list":{"0":"post-823","1":"product","2":"type-product","3":"status-publish","4":"has-post-thumbnail","6":"product_cat-317","7":"p_author-diana-mos","8":"t_lucrare-carte","10":"first","11":"instock","12":"shipping-taxable","13":"product-type-simple"},"acf":[],"_links":{"self":[{"href":"https:\/\/www.edituraunmb.ro\/index.php?rest_route=\/wp\/v2\/product\/823","targetHints":{"allow":["GET"]}}],"collection":[{"href":"https:\/\/www.edituraunmb.ro\/index.php?rest_route=\/wp\/v2\/product"}],"about":[{"href":"https:\/\/www.edituraunmb.ro\/index.php?rest_route=\/wp\/v2\/types\/product"}],"replies":[{"embeddable":true,"href":"https:\/\/www.edituraunmb.ro\/index.php?rest_route=%2Fwp%2Fv2%2Fcomments&post=823"}],"wp:featuredmedia":[{"embeddable":true,"href":"https:\/\/www.edituraunmb.ro\/index.php?rest_route=\/wp\/v2\/media\/503"}],"wp:attachment":[{"href":"https:\/\/www.edituraunmb.ro\/index.php?rest_route=%2Fwp%2Fv2%2Fmedia&parent=823"}],"wp:term":[{"taxonomy":"product_brand","embeddable":true,"href":"https:\/\/www.edituraunmb.ro\/index.php?rest_route=%2Fwp%2Fv2%2Fproduct_brand&post=823"},{"taxonomy":"product_cat","embeddable":true,"href":"https:\/\/www.edituraunmb.ro\/index.php?rest_route=%2Fwp%2Fv2%2Fproduct_cat&post=823"},{"taxonomy":"product_tag","embeddable":true,"href":"https:\/\/www.edituraunmb.ro\/index.php?rest_route=%2Fwp%2Fv2%2Fproduct_tag&post=823"}],"curies":[{"name":"wp","href":"https:\/\/api.w.org\/{rel}","templated":true}]}}