{"id":847,"date":"2015-08-11T13:41:19","date_gmt":"2015-08-11T13:41:19","guid":{"rendered":"http:\/\/www.edituraunmb.ro\/?product=repere-stilistice-ale-muzicii-de-camera-in-sonatele-pentru-vioara-si-pian-1850-1900"},"modified":"2015-08-11T13:43:35","modified_gmt":"2015-08-11T13:43:35","slug":"repere-stilistice-ale-muzicii-de-camera-in-sonatele-pentru-vioara-si-pian-1850-1900","status":"publish","type":"product","link":"https:\/\/www.edituraunmb.ro\/?product=repere-stilistice-ale-muzicii-de-camera-in-sonatele-pentru-vioara-si-pian-1850-1900","title":{"rendered":"Repere stilistice ale muzicii de camer\u0103 \u00een sonatele pentru vioar\u0103 \u0219i pian (1850-1900)"},"content":{"rendered":"","protected":false},"excerpt":{"rendered":"","protected":false},"featured_media":848,"comment_status":"open","ping_status":"closed","template":"","meta":{"_acf_changed":false},"product_brand":[],"product_cat":[114],"product_tag":[],"class_list":{"0":"post-847","1":"product","2":"type-product","3":"status-publish","4":"has-post-thumbnail","6":"product_cat-114","7":"p_author-dan-vornicelu","8":"t_lucrare-carte","10":"first","11":"instock","12":"shipping-taxable","13":"product-type-simple"},"acf":[],"_links":{"self":[{"href":"https:\/\/www.edituraunmb.ro\/index.php?rest_route=\/wp\/v2\/product\/847","targetHints":{"allow":["GET"]}}],"collection":[{"href":"https:\/\/www.edituraunmb.ro\/index.php?rest_route=\/wp\/v2\/product"}],"about":[{"href":"https:\/\/www.edituraunmb.ro\/index.php?rest_route=\/wp\/v2\/types\/product"}],"replies":[{"embeddable":true,"href":"https:\/\/www.edituraunmb.ro\/index.php?rest_route=%2Fwp%2Fv2%2Fcomments&post=847"}],"wp:featuredmedia":[{"embeddable":true,"href":"https:\/\/www.edituraunmb.ro\/index.php?rest_route=\/wp\/v2\/media\/848"}],"wp:attachment":[{"href":"https:\/\/www.edituraunmb.ro\/index.php?rest_route=%2Fwp%2Fv2%2Fmedia&parent=847"}],"wp:term":[{"taxonomy":"product_brand","embeddable":true,"href":"https:\/\/www.edituraunmb.ro\/index.php?rest_route=%2Fwp%2Fv2%2Fproduct_brand&post=847"},{"taxonomy":"product_cat","embeddable":true,"href":"https:\/\/www.edituraunmb.ro\/index.php?rest_route=%2Fwp%2Fv2%2Fproduct_cat&post=847"},{"taxonomy":"product_tag","embeddable":true,"href":"https:\/\/www.edituraunmb.ro\/index.php?rest_route=%2Fwp%2Fv2%2Fproduct_tag&post=847"}],"curies":[{"name":"wp","href":"https:\/\/api.w.org\/{rel}","templated":true}]}}