{"id":872,"date":"2015-08-12T07:56:12","date_gmt":"2015-08-12T07:56:12","guid":{"rendered":"http:\/\/www.edituraunmb.ro\/?product=studii-de-sinteza-2011-2012-vol-ii"},"modified":"2015-08-12T08:01:03","modified_gmt":"2015-08-12T08:01:03","slug":"studii-de-sinteza-2011-2012-vol-ii","status":"publish","type":"product","link":"https:\/\/www.edituraunmb.ro\/?product=studii-de-sinteza-2011-2012-vol-ii","title":{"rendered":"Studii de sintez\u0103 2011-2012, vol. II"},"content":{"rendered":"<table width=\"364\">\n<tbody>\n<tr>\n<td>\u00cenfiin\u021bat \u00een Universitatea Na\u021bional\u0103 de Muzic\u0103 din Bucure\u0219ti ca urmare a c\u00e2\u0219tig\u0103rii unui concurs de proiecte finan\u021bate din fonduri europene, Institutul de Studii Muzicale Doctorale Avansate MIDAS (Music Institute for Doctoral Advanced Studies) a avut la baz\u0103, \u00eenc\u0103 de la \u00eenceput, nevoia de a dialoga a profesioni\u0219tilor domeniului muzical din Rom\u00e2nia. Astfel, Universitatea Na\u021bional\u0103 de Muzic\u0103 din Bucure\u0219ti, \u00een parteneriat cu Universitatea de Arte \u201dGeorge Enescu \u201d din Ia\u0219i, Academia de Muzic\u0103 \u201dGheorghe Dima\u201d din Cluj \u0219i Institutul CESPE al Academiei Rom\u00e2ne au imaginat un proiect care are ca scop \u00eentemeierea unui <em>think-tank<\/em> muzical la Bucure\u0219ti, prin promovarea unui spirit deschis, inovativ, receptiv la schimb\u0103rile de paradigm\u0103 \u00een actualitate, a unui dialog constructiv \u0219i eficace \u00een domeniul muzical. Timp de doi ani, \u00eentre 2011\u00ad-2013, Institutul MIDAS inten\u021bioneaz\u0103 acordarea a 50 de burse post-doctorale pentru cercet\u0103torii rom\u00e2ni din domeniul muzic\u0103. \u00cen acest sens, 20 de bursieri au finalizat deja preg\u0103tirea lor \u00een anul 2011-2012 sub \u00eendrumarea unor mae\u0219tri ai muzicii rom\u00e2ne\u0219ti \u0219i \u00ee\u0219i prezint\u0103 \u00een aceste dou\u0103 volume rezultatele cercet\u0103rilor individuale.<\/p>\n<table width=\"360\">\n<tbody>\n<tr>\n<td>Cele dou\u0103zeci de studii de sintez\u0103 cuprinse \u00een cele dou\u0103 volume de fa\u021b\u0103 poart\u0103, fiecare, marca autorilor lor, a preocup\u0103rilor acestora, a educa\u021biei, putin\u021bei \u0219i a aspira\u021biilor lor. Fiecare cercetare \u00eencearc\u0103 dezlegarea unei probleme propuse prin titlu \u0219i acoper\u0103 un teritoriu vast de preocup\u0103ri, fiind totodat\u0103 perfect \u00eencadrabil\u0103 \u00een una din cele patru arii tematice strategice men\u021bionate mai sus. Vrem s\u0103 credem c\u0103, odat\u0103 cu publicarea acestor cercet\u0103ri, se \u00eencheie doar o etap\u0103, cea formal\u0103, a activit\u0103\u021bii bursierilor. Cea informal\u0103 de-abia acum \u00eencepe, c\u0103ci internalizarea spiritului MIDAS \u00eencepe \u00een momentul absolvirii. Desigur, unii vor merge mai \u00een ad\u00e2nc \u0219i vor aprofunda aceea\u0219i tem\u0103 \u00een alte contexte, al\u021bii vor schimba registrul \u0219i subiectul, preocup\u00e2ndu-se de noi provoc\u0103ri. Sper\u0103m ca ethosul discu\u021biilor \u0219i al rela\u021biilor umane din cadrul MIDAS s\u0103 fi l\u0103sat m\u0103car o urm\u0103 fin\u0103\u0219i pozitiv\u0103 \u00een fibra fiin\u021bei celor care au fost p\u0103rta\u0219i. Credem c\u0103 peisajul cercet\u0103rii muzicale din Rom\u00e2nia de dup\u0103 \u00eencheierea proiectului MIDAS cu siguran\u021b\u0103 va fi unul schimbat. Dac\u0103 \u00een bine sau \u00een r\u0103u, asta r\u0103m\u00e2ne de v\u0103zut. (Dan Dediu)<\/td>\n<\/tr>\n<\/tbody>\n<\/table>\n<\/td>\n<\/tr>\n<\/tbody>\n<\/table>\n","protected":false},"excerpt":{"rendered":"<p>\u00cenfiin\u021bat \u00een Universitatea Na\u021bional\u0103 de Muzic\u0103 din Bucure\u0219ti ca urmare a c\u00e2\u0219tig\u0103rii unui concurs de proiecte finan\u021bate din fonduri europene, Institutul de Studii Muzicale Doctorale Avansate MIDAS (Music Institute for Doctoral Advanced Studies) a avut la baz\u0103, \u00eenc\u0103 de la &hellip; <a href=\"https:\/\/www.edituraunmb.ro\/?product=studii-de-sinteza-2011-2012-vol-ii\" style=\"padding-left:10px;\">Mai multe detalii<\/a><\/p>\n","protected":false},"featured_media":868,"comment_status":"open","ping_status":"closed","template":"","meta":{"_acf_changed":false},"product_brand":[],"product_cat":[98],"product_tag":[],"class_list":{"0":"post-872","1":"product","2":"type-product","3":"status-publish","4":"has-post-thumbnail","6":"product_cat-98","7":"p_author-alexandru-petrovici","8":"p_author-andreea-butnaru","9":"p_author-andrei-enoiu-panzariu","10":"p_author-catalin-cretu","11":"p_author-ciprian-gabriel-pop","12":"p_author-ionela-butu","13":"p_author-istvan-aron-fazakas","14":"p_author-laurentiu-nicolae-beldean","15":"p_author-nicolae-gheorghita","16":"t_lucrare-carte","18":"first","19":"instock","20":"shipping-taxable","21":"product-type-simple"},"acf":[],"_links":{"self":[{"href":"https:\/\/www.edituraunmb.ro\/index.php?rest_route=\/wp\/v2\/product\/872","targetHints":{"allow":["GET"]}}],"collection":[{"href":"https:\/\/www.edituraunmb.ro\/index.php?rest_route=\/wp\/v2\/product"}],"about":[{"href":"https:\/\/www.edituraunmb.ro\/index.php?rest_route=\/wp\/v2\/types\/product"}],"replies":[{"embeddable":true,"href":"https:\/\/www.edituraunmb.ro\/index.php?rest_route=%2Fwp%2Fv2%2Fcomments&post=872"}],"wp:featuredmedia":[{"embeddable":true,"href":"https:\/\/www.edituraunmb.ro\/index.php?rest_route=\/wp\/v2\/media\/868"}],"wp:attachment":[{"href":"https:\/\/www.edituraunmb.ro\/index.php?rest_route=%2Fwp%2Fv2%2Fmedia&parent=872"}],"wp:term":[{"taxonomy":"product_brand","embeddable":true,"href":"https:\/\/www.edituraunmb.ro\/index.php?rest_route=%2Fwp%2Fv2%2Fproduct_brand&post=872"},{"taxonomy":"product_cat","embeddable":true,"href":"https:\/\/www.edituraunmb.ro\/index.php?rest_route=%2Fwp%2Fv2%2Fproduct_cat&post=872"},{"taxonomy":"product_tag","embeddable":true,"href":"https:\/\/www.edituraunmb.ro\/index.php?rest_route=%2Fwp%2Fv2%2Fproduct_tag&post=872"}],"curies":[{"name":"wp","href":"https:\/\/api.w.org\/{rel}","templated":true}]}}