{"id":913,"date":"2015-08-12T17:11:11","date_gmt":"2015-08-12T17:11:11","guid":{"rendered":"http:\/\/www.edituraunmb.ro\/?product=scrieri-rectorale"},"modified":"2015-08-12T17:39:43","modified_gmt":"2015-08-12T17:39:43","slug":"scrieri-rectorale","status":"publish","type":"product","link":"https:\/\/www.edituraunmb.ro\/?product=scrieri-rectorale","title":{"rendered":"Scrieri rectorale"},"content":{"rendered":"<table width=\"424\">\n<tbody>\n<tr>\n<td>\u201e&#8230;am cules c\u00e2teva roade ale efortului meu administrativ dintre anii 2008-2011, grupate tematic, pentru a putea fi \u00een\u0163elese \u00een contextul gener\u0103rii lor. Nu ascund faptul c\u0103 textele reunite aici posed\u0103 \u00eentr-un anumit grad o intensitate de reflec\u0163ie \u015fi de tr\u0103ire care nu sunt specifice actelor administrative aseptice. De asemenea, ele sunt exprimate \u00eentr-un stil accesibil, ce posed\u0103 uneori \u2013 pe l\u00e2ng\u0103 rigoarea administrativ\u0103 \u2013 \u015fi involuntare laten\u0163e literare, datorate \u00een special d\u0103ruirii pe care am pus-o \u00een elaborarea lor, pentru c\u0103 nu pot scrie niciun text arid \u015fi nu pot s\u0103 nu pun suflet \u00een ceea ce scriu.\u201d (Dan Dediu)<\/td>\n<\/tr>\n<\/tbody>\n<\/table>\n","protected":false},"excerpt":{"rendered":"<p>\u201e&#8230;am cules c\u00e2teva roade ale efortului meu administrativ dintre anii 2008-2011, grupate tematic, pentru a putea fi \u00een\u0163elese \u00een contextul gener\u0103rii lor. Nu ascund faptul c\u0103 textele reunite aici posed\u0103 \u00eentr-un anumit grad o intensitate de reflec\u0163ie \u015fi de tr\u0103ire &hellip; <a href=\"https:\/\/www.edituraunmb.ro\/?product=scrieri-rectorale\" style=\"padding-left:10px;\">Mai multe detalii<\/a><\/p>\n","protected":false},"featured_media":404,"comment_status":"open","ping_status":"closed","template":"","meta":{"_acf_changed":false},"product_brand":[],"product_cat":[98],"product_tag":[],"class_list":{"0":"post-913","1":"product","2":"type-product","3":"status-publish","4":"has-post-thumbnail","6":"product_cat-98","7":"p_author-dan-dediu","8":"t_lucrare-carte","10":"first","11":"instock","12":"shipping-taxable","13":"product-type-simple"},"acf":[],"_links":{"self":[{"href":"https:\/\/www.edituraunmb.ro\/index.php?rest_route=\/wp\/v2\/product\/913","targetHints":{"allow":["GET"]}}],"collection":[{"href":"https:\/\/www.edituraunmb.ro\/index.php?rest_route=\/wp\/v2\/product"}],"about":[{"href":"https:\/\/www.edituraunmb.ro\/index.php?rest_route=\/wp\/v2\/types\/product"}],"replies":[{"embeddable":true,"href":"https:\/\/www.edituraunmb.ro\/index.php?rest_route=%2Fwp%2Fv2%2Fcomments&post=913"}],"wp:featuredmedia":[{"embeddable":true,"href":"https:\/\/www.edituraunmb.ro\/index.php?rest_route=\/wp\/v2\/media\/404"}],"wp:attachment":[{"href":"https:\/\/www.edituraunmb.ro\/index.php?rest_route=%2Fwp%2Fv2%2Fmedia&parent=913"}],"wp:term":[{"taxonomy":"product_brand","embeddable":true,"href":"https:\/\/www.edituraunmb.ro\/index.php?rest_route=%2Fwp%2Fv2%2Fproduct_brand&post=913"},{"taxonomy":"product_cat","embeddable":true,"href":"https:\/\/www.edituraunmb.ro\/index.php?rest_route=%2Fwp%2Fv2%2Fproduct_cat&post=913"},{"taxonomy":"product_tag","embeddable":true,"href":"https:\/\/www.edituraunmb.ro\/index.php?rest_route=%2Fwp%2Fv2%2Fproduct_tag&post=913"}],"curies":[{"name":"wp","href":"https:\/\/api.w.org\/{rel}","templated":true}]}}